{"id":520,"date":"2018-11-14T09:30:14","date_gmt":"2018-11-14T08:30:14","guid":{"rendered":"http:\/\/www.salon-biogourmand.com\/?page_id=520"},"modified":"2026-02-04T16:55:50","modified_gmt":"2026-02-04T15:55:50","slug":"animations","status":"publish","type":"page","link":"https:\/\/www.salon-saveurs.com\/printemps\/animations\/","title":{"rendered":"Animations"},"content":{"rendered":"<p><a href=\"https:\/\/www.salon-saveurs.com\/printemps\/wp-content\/uploads\/2024\/12\/1-1.png\"><img fetchpriority=\"high\" decoding=\"async\" class=\"alignnone  wp-image-24663\" src=\"https:\/\/www.salon-saveurs.com\/printemps\/wp-content\/uploads\/2024\/12\/1-1-300x100.png\" alt=\"\" width=\"729\" height=\"243\" srcset=\"https:\/\/www.salon-saveurs.com\/printemps\/wp-content\/uploads\/2024\/12\/1-1-300x100.png 300w, https:\/\/www.salon-saveurs.com\/printemps\/wp-content\/uploads\/2024\/12\/1-1-1024x341.png 1024w, https:\/\/www.salon-saveurs.com\/printemps\/wp-content\/uploads\/2024\/12\/1-1-768x256.png 768w, https:\/\/www.salon-saveurs.com\/printemps\/wp-content\/uploads\/2024\/12\/1-1-150x50.png 150w, https:\/\/www.salon-saveurs.com\/printemps\/wp-content\/uploads\/2024\/12\/1-1-500x167.png 500w, https:\/\/www.salon-saveurs.com\/printemps\/wp-content\/uploads\/2024\/12\/1-1.png 1200w\" sizes=\"(max-width: 729px) 100vw, 729px\" \/><\/a><\/p>\n<h1><strong><span style=\"color: #e5007d;\">Programme des animations 2026<\/span><\/strong><\/h1>\n<ul>\n<li><span style=\"color: #afc73c;\"><strong>Vos producteurs gourmets et gourmands<\/strong><\/span>\u00a0: Nos r\u00e9gions mettent \u00e0 l\u2019honneur <span style=\"color: #e5007d;\"><strong>les meilleurs produits du terroir et d\u2019\u00e9picerie fine<\/strong><\/span>. Mettez-vous en app\u00e9tit et venez acheter en direct aupr\u00e8s des producteurs\n<\/li>\n<li><span style=\"color: #afc73c;\"><strong>Espace P\u00e9pites du terroir<\/strong><\/span>\u00a0: Aiguisez votre curiosit\u00e9 avec les <span style=\"color: #e5007d;\"><strong>produits innovants<\/strong><\/span>, surprenants et <span style=\"color: #e5007d;\"><strong>gourmands<\/strong><\/span> de nos jeunes cr\u00e9ateurs et start-ups\n<\/li>\n<li><span style=\"color: #b8df37;\"><strong>Espace Bistrots &amp; Restaurants<\/strong><\/span>\u00a0:\u00a0<span style=\"color: #e5007d;\"><strong>r\u00e9galez-vous directement sur place<\/strong><\/span> gr\u00e2ce \u00e0 nos traiteurs, tous regroup\u00e9s dans une m\u00eame zone, pour vous proposer <span style=\"color: #e5007d;\"><strong>diverses sp\u00e9cialit\u00e9s<\/strong><\/span>\u2026 Des <span style=\"color: #e5007d;\"><strong>tables et des chaises<\/strong>\u00a0<\/span>seront\u00a0<span style=\"color: #e5007d;\"><strong>\u00e0 disposition<\/strong><\/span>\u00a0pour tous !\n<\/li>\n<li><span style=\"color: #b8df37;\"><b>Nocturne <\/b><\/span>: <span style=\"color: #e5007d;\"><strong>Vendredi soir<\/strong><\/span>, profitez d\u2019un moment privil\u00e9gi\u00e9 pour allonger votre journ\u00e9e sur le salon ! RDV directement sur les stands des exposants &#8211; de <span style=\"color: #e5007d;\"><strong>19h \u00e0 20h<\/strong><\/span>\n<\/li>\n<li><strong><span style=\"color: #afc73c;\">La Galerie des Best-Sellers et Nouveaut\u00e9s<\/span> :<\/strong> D\u00e9couvrez les <span style=\"color: #e5007d;\"><strong>produits phares de nos exposants<\/strong><\/span>, ainsi que leurs <span style=\"color: #e5007d;\"><strong>derni\u00e8res cr\u00e9ations<\/strong><\/span> ! Profitez-en pour vous inspirer avec les tendances culinaires mises en avant dans un <span style=\"color: #e5007d;\"><strong>espace d\u00e9di\u00e9<\/strong><\/span>\n<p>&nbsp;<\/p>\n<\/li>\n<\/ul>\n<hr \/>\n<p><strong>Vous pouvez \u00e9galement consulter les programmes des \u00e9ditions pr\u00e9c\u00e9dentes\u00a0<\/strong><\/p>\n<ul>\n<li><a href=\"https:\/\/www.salon-saveurs.com\/printemps\/?p=24638\" target=\"_blank\" rel=\"noopener\">Animations hiver 2024<\/a><\/li>\n<li><a href=\"https:\/\/www.salon-saveurs.com\/printemps\/?p=21037\" target=\"_blank\" rel=\"noopener\">Animations hiver 2023<\/a><\/li>\n<li><a href=\"https:\/\/www.salon-saveurs.com\/printemps\/animations-2022\/\" target=\"_blank\" rel=\"noopener\">Animations hiver 2022<\/a><\/li>\n<li><a href=\"https:\/\/www.salon-saveurs.com\/printemps\/animations-2021\/\" target=\"_blank\" rel=\"noopener\">Animations hiver 2021<\/a><\/li>\n<li><a href=\"https:\/\/www.salon-saveurs.com\/printemps\/?p=13146\">Animations hiver 2019<\/a><\/li>\n<li><a href=\"https:\/\/www.salon-saveurs.com\/printemps\/?p=10616\">Animations hiver 2018<\/a><\/li>\n<\/ul>\n<p><strong>Si vous voulez en apprendre davantage sur le salon :\u00a0<\/strong><\/p>\n<ul>\n<li><a href=\"https:\/\/www.salon-saveurs.com\/printemps\/visiter\/presentation-du-salon\/\">Pr\u00e9sentation du salon<\/a><\/li>\n<li><a href=\"https:\/\/www.salon-saveurs.com\/printemps\/visiter\/temps-forts-nouveautes\/\">Temps forts &amp; nouveaut\u00e9s<\/a><\/li>\n<li><a href=\"https:\/\/www.salon-saveurs.com\/printemps\/visiter\/les-secteurs-du-salon-2\/\">Les secteurs du salon<\/a><\/li>\n<li><a href=\"https:\/\/www.salon-saveurs.com\/printemps\/visiter\/liste-des-exposants\/\">Liste des exposants<\/a><\/li>\n<li><a href=\"https:\/\/www.salon-saveurs.com\/printemps\/visiter\/le-salon-en-images-2\/\">Les photos du salon<\/a><\/li>\n<li><a href=\"https:\/\/www.salon-saveurs.com\/printemps\/visiter\/les-recettes-des-exposants\/\">Les recettes des exposants<\/a><\/li>\n<\/ul>\n","protected":false},"excerpt":{"rendered":"<p>Programme des animations 2026 Vos producteurs gourmets et gourmands\u00a0: Nos r\u00e9gions mettent \u00e0 l\u2019honneur les meilleurs produits du terroir et d\u2019\u00e9picerie fine. Mettez-vous en app\u00e9tit et venez acheter en direct aupr\u00e8s des producteurs Espace P\u00e9pites du terroir\u00a0: Aiguisez votre curiosit\u00e9 avec les produits innovants, surprenants et gourmands de nos jeunes cr\u00e9ateurs et start-ups Espace Bistrots&hellip; <\/p>\n","protected":false},"author":1,"featured_media":24663,"parent":0,"menu_order":1,"comment_status":"closed","ping_status":"closed","template":"","meta":{"_monsterinsights_skip_tracking":false,"_monsterinsights_sitenote_active":false,"_monsterinsights_sitenote_note":"","_monsterinsights_sitenote_category":0,"footnotes":""},"class_list":["post-520","page","type-page","status-publish","has-post-thumbnail","hentry"],"yoast_head":"<!-- This site is optimized with the Yoast SEO plugin v27.3 - https:\/\/yoast.com\/product\/yoast-seo-wordpress\/ -->\n<title>Animations - Salon saveurs des plaisirs gourmands<\/title>\n<meta name=\"robots\" content=\"index, follow, max-snippet:-1, max-image-preview:large, max-video-preview:-1\" \/>\n<link rel=\"canonical\" href=\"https:\/\/www.salon-saveurs.com\/printemps\/animations\/\" \/>\n<meta property=\"og:locale\" content=\"fr_FR\" \/>\n<meta property=\"og:type\" content=\"article\" \/>\n<meta property=\"og:title\" content=\"Animations - Salon saveurs des plaisirs gourmands\" \/>\n<meta property=\"og:description\" content=\"Programme des animations 2026 Vos producteurs gourmets et gourmands\u00a0: Nos r\u00e9gions mettent \u00e0 l\u2019honneur les meilleurs produits du terroir et d\u2019\u00e9picerie fine. Mettez-vous en app\u00e9tit et venez acheter en direct aupr\u00e8s des producteurs Espace P\u00e9pites du terroir\u00a0: Aiguisez votre curiosit\u00e9 avec les produits innovants, surprenants et gourmands de nos jeunes cr\u00e9ateurs et start-ups Espace Bistrots&hellip;\" \/>\n<meta property=\"og:url\" content=\"https:\/\/www.salon-saveurs.com\/printemps\/animations\/\" \/>\n<meta property=\"og:site_name\" content=\"Salon saveurs des plaisirs gourmands\" \/>\n<meta property=\"article:modified_time\" content=\"2026-02-04T15:55:50+00:00\" \/>\n<meta property=\"og:image\" content=\"https:\/\/www.salon-saveurs.com\/printemps\/wp-content\/uploads\/2024\/12\/1-1.png\" \/>\n\t<meta property=\"og:image:width\" content=\"1200\" \/>\n\t<meta property=\"og:image:height\" content=\"400\" \/>\n\t<meta property=\"og:image:type\" content=\"image\/png\" \/>\n<meta name=\"twitter:card\" content=\"summary_large_image\" \/>\n<meta name=\"twitter:label1\" content=\"Dur\u00e9e de lecture estim\u00e9e\" \/>\n\t<meta name=\"twitter:data1\" content=\"2 minutes\" \/>\n<script type=\"application\/ld+json\" class=\"yoast-schema-graph\">{\"@context\":\"https:\\\/\\\/schema.org\",\"@graph\":[{\"@type\":\"WebPage\",\"@id\":\"https:\\\/\\\/www.salon-saveurs.com\\\/printemps\\\/animations\\\/\",\"url\":\"https:\\\/\\\/www.salon-saveurs.com\\\/printemps\\\/animations\\\/\",\"name\":\"Animations - Salon saveurs des plaisirs gourmands\",\"isPartOf\":{\"@id\":\"https:\\\/\\\/www.salon-saveurs.com\\\/printemps\\\/#website\"},\"primaryImageOfPage\":{\"@id\":\"https:\\\/\\\/www.salon-saveurs.com\\\/printemps\\\/animations\\\/#primaryimage\"},\"image\":{\"@id\":\"https:\\\/\\\/www.salon-saveurs.com\\\/printemps\\\/animations\\\/#primaryimage\"},\"thumbnailUrl\":\"https:\\\/\\\/www.salon-saveurs.com\\\/printemps\\\/wp-content\\\/uploads\\\/2024\\\/12\\\/1-1.png\",\"datePublished\":\"2018-11-14T08:30:14+00:00\",\"dateModified\":\"2026-02-04T15:55:50+00:00\",\"breadcrumb\":{\"@id\":\"https:\\\/\\\/www.salon-saveurs.com\\\/printemps\\\/animations\\\/#breadcrumb\"},\"inLanguage\":\"fr-FR\",\"potentialAction\":[{\"@type\":\"ReadAction\",\"target\":[\"https:\\\/\\\/www.salon-saveurs.com\\\/printemps\\\/animations\\\/\"]}]},{\"@type\":\"ImageObject\",\"inLanguage\":\"fr-FR\",\"@id\":\"https:\\\/\\\/www.salon-saveurs.com\\\/printemps\\\/animations\\\/#primaryimage\",\"url\":\"https:\\\/\\\/www.salon-saveurs.com\\\/printemps\\\/wp-content\\\/uploads\\\/2024\\\/12\\\/1-1.png\",\"contentUrl\":\"https:\\\/\\\/www.salon-saveurs.com\\\/printemps\\\/wp-content\\\/uploads\\\/2024\\\/12\\\/1-1.png\",\"width\":1200,\"height\":400},{\"@type\":\"BreadcrumbList\",\"@id\":\"https:\\\/\\\/www.salon-saveurs.com\\\/printemps\\\/animations\\\/#breadcrumb\",\"itemListElement\":[{\"@type\":\"ListItem\",\"position\":1,\"name\":\"Accueil\",\"item\":\"https:\\\/\\\/www.salon-saveurs.com\\\/printemps\\\/\"},{\"@type\":\"ListItem\",\"position\":2,\"name\":\"Animations\"}]},{\"@type\":\"WebSite\",\"@id\":\"https:\\\/\\\/www.salon-saveurs.com\\\/printemps\\\/#website\",\"url\":\"https:\\\/\\\/www.salon-saveurs.com\\\/printemps\\\/\",\"name\":\"Salon saveurs des plaisirs gourmands\",\"description\":\"\",\"publisher\":{\"@id\":\"https:\\\/\\\/www.salon-saveurs.com\\\/printemps\\\/#organization\"},\"potentialAction\":[{\"@type\":\"SearchAction\",\"target\":{\"@type\":\"EntryPoint\",\"urlTemplate\":\"https:\\\/\\\/www.salon-saveurs.com\\\/printemps\\\/?s={search_term_string}\"},\"query-input\":{\"@type\":\"PropertyValueSpecification\",\"valueRequired\":true,\"valueName\":\"search_term_string\"}}],\"inLanguage\":\"fr-FR\"},{\"@type\":\"Organization\",\"@id\":\"https:\\\/\\\/www.salon-saveurs.com\\\/printemps\\\/#organization\",\"name\":\"Salon saveurs des plaisirs gourmands\",\"url\":\"https:\\\/\\\/www.salon-saveurs.com\\\/printemps\\\/\",\"logo\":{\"@type\":\"ImageObject\",\"inLanguage\":\"fr-FR\",\"@id\":\"https:\\\/\\\/www.salon-saveurs.com\\\/printemps\\\/#\\\/schema\\\/logo\\\/image\\\/\",\"url\":\"https:\\\/\\\/www.salon-saveurs.com\\\/printemps\\\/wp-content\\\/uploads\\\/2025\\\/11\\\/logo-saveurs-COMPLET-TRANSPARENT-1.png\",\"contentUrl\":\"https:\\\/\\\/www.salon-saveurs.com\\\/printemps\\\/wp-content\\\/uploads\\\/2025\\\/11\\\/logo-saveurs-COMPLET-TRANSPARENT-1.png\",\"width\":1600,\"height\":600,\"caption\":\"Salon saveurs des plaisirs gourmands\"},\"image\":{\"@id\":\"https:\\\/\\\/www.salon-saveurs.com\\\/printemps\\\/#\\\/schema\\\/logo\\\/image\\\/\"}}]}<\/script>\n<!-- \/ Yoast SEO plugin. -->","yoast_head_json":{"title":"Animations - Salon saveurs des plaisirs gourmands","robots":{"index":"index","follow":"follow","max-snippet":"max-snippet:-1","max-image-preview":"max-image-preview:large","max-video-preview":"max-video-preview:-1"},"canonical":"https:\/\/www.salon-saveurs.com\/printemps\/animations\/","og_locale":"fr_FR","og_type":"article","og_title":"Animations - Salon saveurs des plaisirs gourmands","og_description":"Programme des animations 2026 Vos producteurs gourmets et gourmands\u00a0: Nos r\u00e9gions mettent \u00e0 l\u2019honneur les meilleurs produits du terroir et d\u2019\u00e9picerie fine. Mettez-vous en app\u00e9tit et venez acheter en direct aupr\u00e8s des producteurs Espace P\u00e9pites du terroir\u00a0: Aiguisez votre curiosit\u00e9 avec les produits innovants, surprenants et gourmands de nos jeunes cr\u00e9ateurs et start-ups Espace Bistrots&hellip;","og_url":"https:\/\/www.salon-saveurs.com\/printemps\/animations\/","og_site_name":"Salon saveurs des plaisirs gourmands","article_modified_time":"2026-02-04T15:55:50+00:00","og_image":[{"width":1200,"height":400,"url":"https:\/\/www.salon-saveurs.com\/printemps\/wp-content\/uploads\/2024\/12\/1-1.png","type":"image\/png"}],"twitter_card":"summary_large_image","twitter_misc":{"Dur\u00e9e de lecture estim\u00e9e":"2 minutes"},"schema":{"@context":"https:\/\/schema.org","@graph":[{"@type":"WebPage","@id":"https:\/\/www.salon-saveurs.com\/printemps\/animations\/","url":"https:\/\/www.salon-saveurs.com\/printemps\/animations\/","name":"Animations - Salon saveurs des plaisirs gourmands","isPartOf":{"@id":"https:\/\/www.salon-saveurs.com\/printemps\/#website"},"primaryImageOfPage":{"@id":"https:\/\/www.salon-saveurs.com\/printemps\/animations\/#primaryimage"},"image":{"@id":"https:\/\/www.salon-saveurs.com\/printemps\/animations\/#primaryimage"},"thumbnailUrl":"https:\/\/www.salon-saveurs.com\/printemps\/wp-content\/uploads\/2024\/12\/1-1.png","datePublished":"2018-11-14T08:30:14+00:00","dateModified":"2026-02-04T15:55:50+00:00","breadcrumb":{"@id":"https:\/\/www.salon-saveurs.com\/printemps\/animations\/#breadcrumb"},"inLanguage":"fr-FR","potentialAction":[{"@type":"ReadAction","target":["https:\/\/www.salon-saveurs.com\/printemps\/animations\/"]}]},{"@type":"ImageObject","inLanguage":"fr-FR","@id":"https:\/\/www.salon-saveurs.com\/printemps\/animations\/#primaryimage","url":"https:\/\/www.salon-saveurs.com\/printemps\/wp-content\/uploads\/2024\/12\/1-1.png","contentUrl":"https:\/\/www.salon-saveurs.com\/printemps\/wp-content\/uploads\/2024\/12\/1-1.png","width":1200,"height":400},{"@type":"BreadcrumbList","@id":"https:\/\/www.salon-saveurs.com\/printemps\/animations\/#breadcrumb","itemListElement":[{"@type":"ListItem","position":1,"name":"Accueil","item":"https:\/\/www.salon-saveurs.com\/printemps\/"},{"@type":"ListItem","position":2,"name":"Animations"}]},{"@type":"WebSite","@id":"https:\/\/www.salon-saveurs.com\/printemps\/#website","url":"https:\/\/www.salon-saveurs.com\/printemps\/","name":"Salon saveurs des plaisirs gourmands","description":"","publisher":{"@id":"https:\/\/www.salon-saveurs.com\/printemps\/#organization"},"potentialAction":[{"@type":"SearchAction","target":{"@type":"EntryPoint","urlTemplate":"https:\/\/www.salon-saveurs.com\/printemps\/?s={search_term_string}"},"query-input":{"@type":"PropertyValueSpecification","valueRequired":true,"valueName":"search_term_string"}}],"inLanguage":"fr-FR"},{"@type":"Organization","@id":"https:\/\/www.salon-saveurs.com\/printemps\/#organization","name":"Salon saveurs des plaisirs gourmands","url":"https:\/\/www.salon-saveurs.com\/printemps\/","logo":{"@type":"ImageObject","inLanguage":"fr-FR","@id":"https:\/\/www.salon-saveurs.com\/printemps\/#\/schema\/logo\/image\/","url":"https:\/\/www.salon-saveurs.com\/printemps\/wp-content\/uploads\/2025\/11\/logo-saveurs-COMPLET-TRANSPARENT-1.png","contentUrl":"https:\/\/www.salon-saveurs.com\/printemps\/wp-content\/uploads\/2025\/11\/logo-saveurs-COMPLET-TRANSPARENT-1.png","width":1600,"height":600,"caption":"Salon saveurs des plaisirs gourmands"},"image":{"@id":"https:\/\/www.salon-saveurs.com\/printemps\/#\/schema\/logo\/image\/"}}]}},"_links":{"self":[{"href":"https:\/\/www.salon-saveurs.com\/printemps\/wp-json\/wp\/v2\/pages\/520","targetHints":{"allow":["GET"]}}],"collection":[{"href":"https:\/\/www.salon-saveurs.com\/printemps\/wp-json\/wp\/v2\/pages"}],"about":[{"href":"https:\/\/www.salon-saveurs.com\/printemps\/wp-json\/wp\/v2\/types\/page"}],"author":[{"embeddable":true,"href":"https:\/\/www.salon-saveurs.com\/printemps\/wp-json\/wp\/v2\/users\/1"}],"replies":[{"embeddable":true,"href":"https:\/\/www.salon-saveurs.com\/printemps\/wp-json\/wp\/v2\/comments?post=520"}],"version-history":[{"count":0,"href":"https:\/\/www.salon-saveurs.com\/printemps\/wp-json\/wp\/v2\/pages\/520\/revisions"}],"wp:featuredmedia":[{"embeddable":true,"href":"https:\/\/www.salon-saveurs.com\/printemps\/wp-json\/wp\/v2\/media\/24663"}],"wp:attachment":[{"href":"https:\/\/www.salon-saveurs.com\/printemps\/wp-json\/wp\/v2\/media?parent=520"}],"curies":[{"name":"wp","href":"https:\/\/api.w.org\/{rel}","templated":true}]}}