{"id":486,"date":"2016-06-13T12:30:30","date_gmt":"2016-06-13T10:30:30","guid":{"rendered":"http:\/\/www.salon-biogourmand.com\/?page_id=486"},"modified":"2026-01-14T15:40:35","modified_gmt":"2026-01-14T14:40:35","slug":"les-secteurs-du-salon-2","status":"publish","type":"page","link":"https:\/\/www.salon-saveurs.com\/printemps\/visiter\/les-secteurs-du-salon\/les-secteurs-du-salon-2\/","title":{"rendered":"Les secteurs du salon"},"content":{"rendered":"<table>\r\n<tbody>\r\n<tr>\r\n<td style=\"text-align: center;\"><a href=\"https:\/\/www.salon-saveurs.com\/printemps\/wp-content\/uploads\/2024\/12\/5.png\"><img fetchpriority=\"high\" decoding=\"async\" class=\"size-medium wp-image-24508 alignleft\" src=\"https:\/\/www.salon-saveurs.com\/printemps\/wp-content\/uploads\/2024\/12\/5-300x300.png\" alt=\"\" width=\"300\" height=\"300\" srcset=\"https:\/\/www.salon-saveurs.com\/printemps\/wp-content\/uploads\/2024\/12\/5-300x300.png 300w, https:\/\/www.salon-saveurs.com\/printemps\/wp-content\/uploads\/2024\/12\/5-1024x1024.png 1024w, https:\/\/www.salon-saveurs.com\/printemps\/wp-content\/uploads\/2024\/12\/5-150x150.png 150w, https:\/\/www.salon-saveurs.com\/printemps\/wp-content\/uploads\/2024\/12\/5-768x768.png 768w, https:\/\/www.salon-saveurs.com\/printemps\/wp-content\/uploads\/2024\/12\/5-500x500.png 500w, https:\/\/www.salon-saveurs.com\/printemps\/wp-content\/uploads\/2024\/12\/5-45x45.png 45w, https:\/\/www.salon-saveurs.com\/printemps\/wp-content\/uploads\/2024\/12\/5.png 1080w\" sizes=\"(max-width: 300px) 100vw, 300px\" \/><\/a><\/td>\r\n<td style=\"text-align: center;\"><a href=\"https:\/\/www.salon-saveurs.com\/printemps\/wp-content\/uploads\/2024\/12\/6.png\"><img decoding=\"async\" class=\"size-medium wp-image-24509 alignleft\" src=\"https:\/\/www.salon-saveurs.com\/printemps\/wp-content\/uploads\/2024\/12\/6-300x300.png\" alt=\"\" width=\"300\" height=\"300\" srcset=\"https:\/\/www.salon-saveurs.com\/printemps\/wp-content\/uploads\/2024\/12\/6-300x300.png 300w, https:\/\/www.salon-saveurs.com\/printemps\/wp-content\/uploads\/2024\/12\/6-1024x1024.png 1024w, https:\/\/www.salon-saveurs.com\/printemps\/wp-content\/uploads\/2024\/12\/6-150x150.png 150w, https:\/\/www.salon-saveurs.com\/printemps\/wp-content\/uploads\/2024\/12\/6-768x768.png 768w, https:\/\/www.salon-saveurs.com\/printemps\/wp-content\/uploads\/2024\/12\/6-500x500.png 500w, https:\/\/www.salon-saveurs.com\/printemps\/wp-content\/uploads\/2024\/12\/6-45x45.png 45w, https:\/\/www.salon-saveurs.com\/printemps\/wp-content\/uploads\/2024\/12\/6.png 1080w\" sizes=\"(max-width: 300px) 100vw, 300px\" \/><\/a><\/td>\r\n<\/tr>\r\n<tr>\r\n<td style=\"text-align: left;\"><strong>Produits de la mer et des rivi\u00e8res<\/strong><\/td>\r\n<td style=\"text-align: left;\"><strong>Vins et spiritueux<\/strong><\/td>\r\n<\/tr>\r\n<tr>\r\n<td style=\"text-align: center;\"><a href=\"https:\/\/www.salon-saveurs.com\/printemps\/wp-content\/uploads\/2024\/12\/9.png\"><img decoding=\"async\" class=\"size-medium wp-image-24513 alignleft\" src=\"https:\/\/www.salon-saveurs.com\/printemps\/wp-content\/uploads\/2024\/12\/9-300x300.png\" alt=\"\" width=\"300\" height=\"300\" srcset=\"https:\/\/www.salon-saveurs.com\/printemps\/wp-content\/uploads\/2024\/12\/9-300x300.png 300w, https:\/\/www.salon-saveurs.com\/printemps\/wp-content\/uploads\/2024\/12\/9-1024x1024.png 1024w, https:\/\/www.salon-saveurs.com\/printemps\/wp-content\/uploads\/2024\/12\/9-150x150.png 150w, https:\/\/www.salon-saveurs.com\/printemps\/wp-content\/uploads\/2024\/12\/9-768x768.png 768w, https:\/\/www.salon-saveurs.com\/printemps\/wp-content\/uploads\/2024\/12\/9-500x500.png 500w, https:\/\/www.salon-saveurs.com\/printemps\/wp-content\/uploads\/2024\/12\/9-45x45.png 45w, https:\/\/www.salon-saveurs.com\/printemps\/wp-content\/uploads\/2024\/12\/9.png 1080w\" sizes=\"(max-width: 300px) 100vw, 300px\" \/><\/a><\/td>\r\n<td style=\"text-align: center;\"><a href=\"https:\/\/www.salon-saveurs.com\/printemps\/wp-content\/uploads\/2024\/12\/3.png\"><img loading=\"lazy\" decoding=\"async\" class=\"size-medium wp-image-24506 alignleft\" src=\"https:\/\/www.salon-saveurs.com\/printemps\/wp-content\/uploads\/2024\/12\/3-300x300.png\" alt=\"\" width=\"300\" height=\"300\" srcset=\"https:\/\/www.salon-saveurs.com\/printemps\/wp-content\/uploads\/2024\/12\/3-300x300.png 300w, https:\/\/www.salon-saveurs.com\/printemps\/wp-content\/uploads\/2024\/12\/3-1024x1024.png 1024w, https:\/\/www.salon-saveurs.com\/printemps\/wp-content\/uploads\/2024\/12\/3-150x150.png 150w, https:\/\/www.salon-saveurs.com\/printemps\/wp-content\/uploads\/2024\/12\/3-768x768.png 768w, https:\/\/www.salon-saveurs.com\/printemps\/wp-content\/uploads\/2024\/12\/3-500x500.png 500w, https:\/\/www.salon-saveurs.com\/printemps\/wp-content\/uploads\/2024\/12\/3-45x45.png 45w, https:\/\/www.salon-saveurs.com\/printemps\/wp-content\/uploads\/2024\/12\/3.png 1080w\" sizes=\"(max-width: 300px) 100vw, 300px\" \/><\/a><\/td>\r\n<\/tr>\r\n<tr>\r\n<td style=\"text-align: left;\"><strong>Produits frais<\/strong><\/td>\r\n<td style=\"text-align: left;\"><strong>Viande, volaille, gibier, foie gras et charcuterie<\/strong><\/td>\r\n<\/tr>\r\n<tr>\r\n<td style=\"text-align: center;\"><a href=\"https:\/\/www.salon-saveurs.com\/printemps\/wp-content\/uploads\/2024\/12\/7.png\"><img loading=\"lazy\" decoding=\"async\" class=\"alignleft wp-image-24510 size-medium\" src=\"https:\/\/www.salon-saveurs.com\/printemps\/wp-content\/uploads\/2024\/12\/7-300x300.png\" alt=\"\" width=\"300\" height=\"300\" srcset=\"https:\/\/www.salon-saveurs.com\/printemps\/wp-content\/uploads\/2024\/12\/7-300x300.png 300w, https:\/\/www.salon-saveurs.com\/printemps\/wp-content\/uploads\/2024\/12\/7-1024x1024.png 1024w, https:\/\/www.salon-saveurs.com\/printemps\/wp-content\/uploads\/2024\/12\/7-150x150.png 150w, https:\/\/www.salon-saveurs.com\/printemps\/wp-content\/uploads\/2024\/12\/7-768x768.png 768w, https:\/\/www.salon-saveurs.com\/printemps\/wp-content\/uploads\/2024\/12\/7-500x500.png 500w, https:\/\/www.salon-saveurs.com\/printemps\/wp-content\/uploads\/2024\/12\/7-45x45.png 45w, https:\/\/www.salon-saveurs.com\/printemps\/wp-content\/uploads\/2024\/12\/7.png 1080w\" sizes=\"(max-width: 300px) 100vw, 300px\" \/><\/a><\/td>\r\n<td style=\"text-align: center;\"><a href=\"https:\/\/www.salon-saveurs.com\/printemps\/wp-content\/uploads\/2024\/12\/2.png\"><img loading=\"lazy\" decoding=\"async\" class=\"alignleft wp-image-24505 size-medium\" src=\"https:\/\/www.salon-saveurs.com\/printemps\/wp-content\/uploads\/2024\/12\/2-300x300.png\" alt=\"\" width=\"300\" height=\"300\" srcset=\"https:\/\/www.salon-saveurs.com\/printemps\/wp-content\/uploads\/2024\/12\/2-300x300.png 300w, https:\/\/www.salon-saveurs.com\/printemps\/wp-content\/uploads\/2024\/12\/2-1024x1024.png 1024w, https:\/\/www.salon-saveurs.com\/printemps\/wp-content\/uploads\/2024\/12\/2-150x150.png 150w, https:\/\/www.salon-saveurs.com\/printemps\/wp-content\/uploads\/2024\/12\/2-768x768.png 768w, https:\/\/www.salon-saveurs.com\/printemps\/wp-content\/uploads\/2024\/12\/2-500x500.png 500w, https:\/\/www.salon-saveurs.com\/printemps\/wp-content\/uploads\/2024\/12\/2-45x45.png 45w, https:\/\/www.salon-saveurs.com\/printemps\/wp-content\/uploads\/2024\/12\/2.png 1080w\" sizes=\"(max-width: 300px) 100vw, 300px\" \/><\/a><\/td>\r\n<\/tr>\r\n<tr>\r\n<td style=\"text-align: left;\"><strong>Fromages, \u0153ufs et autres produits laitiers<\/strong><\/td>\r\n<td style=\"text-align: left;\"><strong>Produits d&rsquo;\u00e9picerie fine<\/strong><\/td>\r\n<\/tr>\r\n<tr>\r\n<td style=\"text-align: center;\"><a href=\"https:\/\/www.salon-saveurs.com\/printemps\/wp-content\/uploads\/2024\/12\/1.png\"><img loading=\"lazy\" decoding=\"async\" class=\"alignleft wp-image-24504 size-medium\" src=\"https:\/\/www.salon-saveurs.com\/printemps\/wp-content\/uploads\/2024\/12\/1-300x300.png\" alt=\"\" width=\"300\" height=\"300\" srcset=\"https:\/\/www.salon-saveurs.com\/printemps\/wp-content\/uploads\/2024\/12\/1-300x300.png 300w, https:\/\/www.salon-saveurs.com\/printemps\/wp-content\/uploads\/2024\/12\/1-1024x1024.png 1024w, https:\/\/www.salon-saveurs.com\/printemps\/wp-content\/uploads\/2024\/12\/1-150x150.png 150w, https:\/\/www.salon-saveurs.com\/printemps\/wp-content\/uploads\/2024\/12\/1-768x768.png 768w, https:\/\/www.salon-saveurs.com\/printemps\/wp-content\/uploads\/2024\/12\/1-500x500.png 500w, https:\/\/www.salon-saveurs.com\/printemps\/wp-content\/uploads\/2024\/12\/1-45x45.png 45w, https:\/\/www.salon-saveurs.com\/printemps\/wp-content\/uploads\/2024\/12\/1.png 1080w\" sizes=\"(max-width: 300px) 100vw, 300px\" \/><\/a><\/td>\r\n<td style=\"text-align: center;\"><a href=\"https:\/\/www.salon-saveurs.com\/printemps\/wp-content\/uploads\/2024\/12\/4.png\"><img loading=\"lazy\" decoding=\"async\" class=\"alignleft wp-image-24507 size-medium\" src=\"https:\/\/www.salon-saveurs.com\/printemps\/wp-content\/uploads\/2024\/12\/4-300x300.png\" alt=\"\" width=\"300\" height=\"300\" srcset=\"https:\/\/www.salon-saveurs.com\/printemps\/wp-content\/uploads\/2024\/12\/4-300x300.png 300w, https:\/\/www.salon-saveurs.com\/printemps\/wp-content\/uploads\/2024\/12\/4-1024x1024.png 1024w, https:\/\/www.salon-saveurs.com\/printemps\/wp-content\/uploads\/2024\/12\/4-150x150.png 150w, https:\/\/www.salon-saveurs.com\/printemps\/wp-content\/uploads\/2024\/12\/4-768x768.png 768w, https:\/\/www.salon-saveurs.com\/printemps\/wp-content\/uploads\/2024\/12\/4-500x500.png 500w, https:\/\/www.salon-saveurs.com\/printemps\/wp-content\/uploads\/2024\/12\/4-45x45.png 45w, https:\/\/www.salon-saveurs.com\/printemps\/wp-content\/uploads\/2024\/12\/4.png 1080w\" sizes=\"(max-width: 300px) 100vw, 300px\" \/><\/a><\/td>\r\n<\/tr>\r\n<tr>\r\n<td style=\"text-align: left;\"><strong>Produits sucr\u00e9s<\/strong><\/td>\r\n<td style=\"text-align: left;\"><strong>Restauration et traiteurs<\/strong><\/td>\r\n<\/tr>\r\n<tr>\r\n<td style=\"text-align: center;\">\u00a0<\/td>\r\n<td style=\"text-align: center;\">\u00a0<\/td>\r\n<\/tr>\r\n<tr>\r\n<td style=\"text-align: left;\">\u00a0<\/td>\r\n<td style=\"text-align: center;\">\u00a0<\/td>\r\n<\/tr>\r\n<\/tbody>\r\n<\/table>\r\n<hr \/>\r\n<p><strong>Si vous souhaitez en savoir plus :\u00a0<\/strong><\/p>\r\n<ul>\r\n\t<li style=\"list-style-type: none;\">\r\n<ul>\r\n\t<li><a href=\"https:\/\/www.salon-saveurs.com\/printemps\/presentation-du-salon\/\">Pr\u00e9sentation du salon <\/a><\/li>\r\n\t<li><a href=\"https:\/\/www.salon-saveurs.com\/printemps\/visiter\/temps-forts-nouveautes\/\">Temps forts &amp; nouveaut\u00e9s <\/a><\/li>\r\n\t<li><a href=\"https:\/\/www.salon-saveurs.com\/printemps\/liste-des-exposants\/\">Liste des exposants<\/a><\/li>\r\n\t<li><a href=\"https:\/\/www.salon-saveurs.com\/printemps\/le-salon-en-images-2\/\">Les photos du salon<\/a><\/li>\r\n\t<li><a href=\"https:\/\/www.salon-saveurs.com\/printemps\/les-recettes-des-exposants\/\">Les recettes des exposants<\/a><\/li>\r\n<\/ul>\r\n<\/li>\r\n<\/ul>\r\n<p>&nbsp;<\/p>\r\n<!-- \/wp:post-content -->","protected":false},"excerpt":{"rendered":"<p>Produits de la mer et des rivi\u00e8res Vins et spiritueux Produits frais Viande, volaille, gibier, foie gras et charcuterie Fromages, \u0153ufs et autres produits laitiers Produits d&rsquo;\u00e9picerie fine Produits sucr\u00e9s Restauration et traiteurs \u00a0 \u00a0 \u00a0 \u00a0 Si vous souhaitez en savoir plus :\u00a0 Pr\u00e9sentation du salon Temps forts &amp; nouveaut\u00e9s Liste des exposants Les&hellip; <\/p>\n","protected":false},"author":1,"featured_media":24508,"parent":9689,"menu_order":5,"comment_status":"closed","ping_status":"closed","template":"","meta":{"_monsterinsights_skip_tracking":false,"_monsterinsights_sitenote_active":false,"_monsterinsights_sitenote_note":"","_monsterinsights_sitenote_category":0,"footnotes":""},"class_list":["post-486","page","type-page","status-publish","has-post-thumbnail","hentry"],"yoast_head":"<!-- This site is optimized with the Yoast SEO plugin v27.3 - https:\/\/yoast.com\/product\/yoast-seo-wordpress\/ -->\n<title>Les secteurs du salon - Salon saveurs des plaisirs gourmands<\/title>\n<meta name=\"robots\" content=\"index, follow, max-snippet:-1, max-image-preview:large, max-video-preview:-1\" \/>\n<link rel=\"canonical\" href=\"https:\/\/www.salon-saveurs.com\/printemps\/visiter\/les-secteurs-du-salon\/les-secteurs-du-salon-2\/\" \/>\n<meta property=\"og:locale\" content=\"fr_FR\" \/>\n<meta property=\"og:type\" content=\"article\" \/>\n<meta property=\"og:title\" content=\"Les secteurs du salon - Salon saveurs des plaisirs gourmands\" \/>\n<meta property=\"og:description\" content=\"Produits de la mer et des rivi\u00e8res Vins et spiritueux Produits frais Viande, volaille, gibier, foie gras et charcuterie Fromages, \u0153ufs et autres produits laitiers Produits d&rsquo;\u00e9picerie fine Produits sucr\u00e9s Restauration et traiteurs \u00a0 \u00a0 \u00a0 \u00a0 Si vous souhaitez en savoir plus :\u00a0 Pr\u00e9sentation du salon Temps forts &amp; nouveaut\u00e9s Liste des exposants Les&hellip;\" \/>\n<meta property=\"og:url\" content=\"https:\/\/www.salon-saveurs.com\/printemps\/visiter\/les-secteurs-du-salon\/les-secteurs-du-salon-2\/\" \/>\n<meta property=\"og:site_name\" content=\"Salon saveurs des plaisirs gourmands\" \/>\n<meta property=\"article:modified_time\" content=\"2026-01-14T14:40:35+00:00\" \/>\n<meta property=\"og:image\" content=\"https:\/\/www.salon-saveurs.com\/printemps\/wp-content\/uploads\/2024\/12\/5-1024x1024.png\" \/>\n\t<meta property=\"og:image:width\" content=\"1024\" \/>\n\t<meta property=\"og:image:height\" content=\"1024\" \/>\n\t<meta property=\"og:image:type\" content=\"image\/png\" \/>\n<meta name=\"twitter:card\" content=\"summary_large_image\" \/>\n<meta name=\"twitter:label1\" content=\"Dur\u00e9e de lecture estim\u00e9e\" \/>\n\t<meta name=\"twitter:data1\" content=\"3 minutes\" \/>\n<script type=\"application\/ld+json\" class=\"yoast-schema-graph\">{\"@context\":\"https:\\\/\\\/schema.org\",\"@graph\":[{\"@type\":\"WebPage\",\"@id\":\"https:\\\/\\\/www.salon-saveurs.com\\\/printemps\\\/visiter\\\/les-secteurs-du-salon\\\/les-secteurs-du-salon-2\\\/\",\"url\":\"https:\\\/\\\/www.salon-saveurs.com\\\/printemps\\\/visiter\\\/les-secteurs-du-salon\\\/les-secteurs-du-salon-2\\\/\",\"name\":\"Les secteurs du salon - Salon saveurs des plaisirs gourmands\",\"isPartOf\":{\"@id\":\"https:\\\/\\\/www.salon-saveurs.com\\\/printemps\\\/#website\"},\"primaryImageOfPage\":{\"@id\":\"https:\\\/\\\/www.salon-saveurs.com\\\/printemps\\\/visiter\\\/les-secteurs-du-salon\\\/les-secteurs-du-salon-2\\\/#primaryimage\"},\"image\":{\"@id\":\"https:\\\/\\\/www.salon-saveurs.com\\\/printemps\\\/visiter\\\/les-secteurs-du-salon\\\/les-secteurs-du-salon-2\\\/#primaryimage\"},\"thumbnailUrl\":\"https:\\\/\\\/www.salon-saveurs.com\\\/printemps\\\/wp-content\\\/uploads\\\/2024\\\/12\\\/5.png\",\"datePublished\":\"2016-06-13T10:30:30+00:00\",\"dateModified\":\"2026-01-14T14:40:35+00:00\",\"breadcrumb\":{\"@id\":\"https:\\\/\\\/www.salon-saveurs.com\\\/printemps\\\/visiter\\\/les-secteurs-du-salon\\\/les-secteurs-du-salon-2\\\/#breadcrumb\"},\"inLanguage\":\"fr-FR\",\"potentialAction\":[{\"@type\":\"ReadAction\",\"target\":[\"https:\\\/\\\/www.salon-saveurs.com\\\/printemps\\\/visiter\\\/les-secteurs-du-salon\\\/les-secteurs-du-salon-2\\\/\"]}]},{\"@type\":\"ImageObject\",\"inLanguage\":\"fr-FR\",\"@id\":\"https:\\\/\\\/www.salon-saveurs.com\\\/printemps\\\/visiter\\\/les-secteurs-du-salon\\\/les-secteurs-du-salon-2\\\/#primaryimage\",\"url\":\"https:\\\/\\\/www.salon-saveurs.com\\\/printemps\\\/wp-content\\\/uploads\\\/2024\\\/12\\\/5.png\",\"contentUrl\":\"https:\\\/\\\/www.salon-saveurs.com\\\/printemps\\\/wp-content\\\/uploads\\\/2024\\\/12\\\/5.png\",\"width\":1080,\"height\":1080},{\"@type\":\"BreadcrumbList\",\"@id\":\"https:\\\/\\\/www.salon-saveurs.com\\\/printemps\\\/visiter\\\/les-secteurs-du-salon\\\/les-secteurs-du-salon-2\\\/#breadcrumb\",\"itemListElement\":[{\"@type\":\"ListItem\",\"position\":1,\"name\":\"Accueil\",\"item\":\"https:\\\/\\\/www.salon-saveurs.com\\\/printemps\\\/\"},{\"@type\":\"ListItem\",\"position\":2,\"name\":\"Visiter\",\"item\":\"https:\\\/\\\/www.salon-saveurs.com\\\/printemps\\\/visiter\\\/\"},{\"@type\":\"ListItem\",\"position\":3,\"name\":\"Les secteurs du salon\",\"item\":\"https:\\\/\\\/www.salon-saveurs.com\\\/printemps\\\/visiter\\\/les-secteurs-du-salon\\\/\"},{\"@type\":\"ListItem\",\"position\":4,\"name\":\"Les secteurs du salon\"}]},{\"@type\":\"WebSite\",\"@id\":\"https:\\\/\\\/www.salon-saveurs.com\\\/printemps\\\/#website\",\"url\":\"https:\\\/\\\/www.salon-saveurs.com\\\/printemps\\\/\",\"name\":\"Salon saveurs des plaisirs gourmands\",\"description\":\"\",\"publisher\":{\"@id\":\"https:\\\/\\\/www.salon-saveurs.com\\\/printemps\\\/#organization\"},\"potentialAction\":[{\"@type\":\"SearchAction\",\"target\":{\"@type\":\"EntryPoint\",\"urlTemplate\":\"https:\\\/\\\/www.salon-saveurs.com\\\/printemps\\\/?s={search_term_string}\"},\"query-input\":{\"@type\":\"PropertyValueSpecification\",\"valueRequired\":true,\"valueName\":\"search_term_string\"}}],\"inLanguage\":\"fr-FR\"},{\"@type\":\"Organization\",\"@id\":\"https:\\\/\\\/www.salon-saveurs.com\\\/printemps\\\/#organization\",\"name\":\"Salon saveurs des plaisirs gourmands\",\"url\":\"https:\\\/\\\/www.salon-saveurs.com\\\/printemps\\\/\",\"logo\":{\"@type\":\"ImageObject\",\"inLanguage\":\"fr-FR\",\"@id\":\"https:\\\/\\\/www.salon-saveurs.com\\\/printemps\\\/#\\\/schema\\\/logo\\\/image\\\/\",\"url\":\"https:\\\/\\\/www.salon-saveurs.com\\\/printemps\\\/wp-content\\\/uploads\\\/2025\\\/11\\\/logo-saveurs-COMPLET-TRANSPARENT-1.png\",\"contentUrl\":\"https:\\\/\\\/www.salon-saveurs.com\\\/printemps\\\/wp-content\\\/uploads\\\/2025\\\/11\\\/logo-saveurs-COMPLET-TRANSPARENT-1.png\",\"width\":1600,\"height\":600,\"caption\":\"Salon saveurs des plaisirs gourmands\"},\"image\":{\"@id\":\"https:\\\/\\\/www.salon-saveurs.com\\\/printemps\\\/#\\\/schema\\\/logo\\\/image\\\/\"}}]}<\/script>\n<!-- \/ Yoast SEO plugin. -->","yoast_head_json":{"title":"Les secteurs du salon - Salon saveurs des plaisirs gourmands","robots":{"index":"index","follow":"follow","max-snippet":"max-snippet:-1","max-image-preview":"max-image-preview:large","max-video-preview":"max-video-preview:-1"},"canonical":"https:\/\/www.salon-saveurs.com\/printemps\/visiter\/les-secteurs-du-salon\/les-secteurs-du-salon-2\/","og_locale":"fr_FR","og_type":"article","og_title":"Les secteurs du salon - Salon saveurs des plaisirs gourmands","og_description":"Produits de la mer et des rivi\u00e8res Vins et spiritueux Produits frais Viande, volaille, gibier, foie gras et charcuterie Fromages, \u0153ufs et autres produits laitiers Produits d&rsquo;\u00e9picerie fine Produits sucr\u00e9s Restauration et traiteurs \u00a0 \u00a0 \u00a0 \u00a0 Si vous souhaitez en savoir plus :\u00a0 Pr\u00e9sentation du salon Temps forts &amp; nouveaut\u00e9s Liste des exposants Les&hellip;","og_url":"https:\/\/www.salon-saveurs.com\/printemps\/visiter\/les-secteurs-du-salon\/les-secteurs-du-salon-2\/","og_site_name":"Salon saveurs des plaisirs gourmands","article_modified_time":"2026-01-14T14:40:35+00:00","og_image":[{"width":1024,"height":1024,"url":"https:\/\/www.salon-saveurs.com\/printemps\/wp-content\/uploads\/2024\/12\/5-1024x1024.png","type":"image\/png"}],"twitter_card":"summary_large_image","twitter_misc":{"Dur\u00e9e de lecture estim\u00e9e":"3 minutes"},"schema":{"@context":"https:\/\/schema.org","@graph":[{"@type":"WebPage","@id":"https:\/\/www.salon-saveurs.com\/printemps\/visiter\/les-secteurs-du-salon\/les-secteurs-du-salon-2\/","url":"https:\/\/www.salon-saveurs.com\/printemps\/visiter\/les-secteurs-du-salon\/les-secteurs-du-salon-2\/","name":"Les secteurs du salon - Salon saveurs des plaisirs gourmands","isPartOf":{"@id":"https:\/\/www.salon-saveurs.com\/printemps\/#website"},"primaryImageOfPage":{"@id":"https:\/\/www.salon-saveurs.com\/printemps\/visiter\/les-secteurs-du-salon\/les-secteurs-du-salon-2\/#primaryimage"},"image":{"@id":"https:\/\/www.salon-saveurs.com\/printemps\/visiter\/les-secteurs-du-salon\/les-secteurs-du-salon-2\/#primaryimage"},"thumbnailUrl":"https:\/\/www.salon-saveurs.com\/printemps\/wp-content\/uploads\/2024\/12\/5.png","datePublished":"2016-06-13T10:30:30+00:00","dateModified":"2026-01-14T14:40:35+00:00","breadcrumb":{"@id":"https:\/\/www.salon-saveurs.com\/printemps\/visiter\/les-secteurs-du-salon\/les-secteurs-du-salon-2\/#breadcrumb"},"inLanguage":"fr-FR","potentialAction":[{"@type":"ReadAction","target":["https:\/\/www.salon-saveurs.com\/printemps\/visiter\/les-secteurs-du-salon\/les-secteurs-du-salon-2\/"]}]},{"@type":"ImageObject","inLanguage":"fr-FR","@id":"https:\/\/www.salon-saveurs.com\/printemps\/visiter\/les-secteurs-du-salon\/les-secteurs-du-salon-2\/#primaryimage","url":"https:\/\/www.salon-saveurs.com\/printemps\/wp-content\/uploads\/2024\/12\/5.png","contentUrl":"https:\/\/www.salon-saveurs.com\/printemps\/wp-content\/uploads\/2024\/12\/5.png","width":1080,"height":1080},{"@type":"BreadcrumbList","@id":"https:\/\/www.salon-saveurs.com\/printemps\/visiter\/les-secteurs-du-salon\/les-secteurs-du-salon-2\/#breadcrumb","itemListElement":[{"@type":"ListItem","position":1,"name":"Accueil","item":"https:\/\/www.salon-saveurs.com\/printemps\/"},{"@type":"ListItem","position":2,"name":"Visiter","item":"https:\/\/www.salon-saveurs.com\/printemps\/visiter\/"},{"@type":"ListItem","position":3,"name":"Les secteurs du salon","item":"https:\/\/www.salon-saveurs.com\/printemps\/visiter\/les-secteurs-du-salon\/"},{"@type":"ListItem","position":4,"name":"Les secteurs du salon"}]},{"@type":"WebSite","@id":"https:\/\/www.salon-saveurs.com\/printemps\/#website","url":"https:\/\/www.salon-saveurs.com\/printemps\/","name":"Salon saveurs des plaisirs gourmands","description":"","publisher":{"@id":"https:\/\/www.salon-saveurs.com\/printemps\/#organization"},"potentialAction":[{"@type":"SearchAction","target":{"@type":"EntryPoint","urlTemplate":"https:\/\/www.salon-saveurs.com\/printemps\/?s={search_term_string}"},"query-input":{"@type":"PropertyValueSpecification","valueRequired":true,"valueName":"search_term_string"}}],"inLanguage":"fr-FR"},{"@type":"Organization","@id":"https:\/\/www.salon-saveurs.com\/printemps\/#organization","name":"Salon saveurs des plaisirs gourmands","url":"https:\/\/www.salon-saveurs.com\/printemps\/","logo":{"@type":"ImageObject","inLanguage":"fr-FR","@id":"https:\/\/www.salon-saveurs.com\/printemps\/#\/schema\/logo\/image\/","url":"https:\/\/www.salon-saveurs.com\/printemps\/wp-content\/uploads\/2025\/11\/logo-saveurs-COMPLET-TRANSPARENT-1.png","contentUrl":"https:\/\/www.salon-saveurs.com\/printemps\/wp-content\/uploads\/2025\/11\/logo-saveurs-COMPLET-TRANSPARENT-1.png","width":1600,"height":600,"caption":"Salon saveurs des plaisirs gourmands"},"image":{"@id":"https:\/\/www.salon-saveurs.com\/printemps\/#\/schema\/logo\/image\/"}}]}},"_links":{"self":[{"href":"https:\/\/www.salon-saveurs.com\/printemps\/wp-json\/wp\/v2\/pages\/486","targetHints":{"allow":["GET"]}}],"collection":[{"href":"https:\/\/www.salon-saveurs.com\/printemps\/wp-json\/wp\/v2\/pages"}],"about":[{"href":"https:\/\/www.salon-saveurs.com\/printemps\/wp-json\/wp\/v2\/types\/page"}],"author":[{"embeddable":true,"href":"https:\/\/www.salon-saveurs.com\/printemps\/wp-json\/wp\/v2\/users\/1"}],"replies":[{"embeddable":true,"href":"https:\/\/www.salon-saveurs.com\/printemps\/wp-json\/wp\/v2\/comments?post=486"}],"version-history":[{"count":0,"href":"https:\/\/www.salon-saveurs.com\/printemps\/wp-json\/wp\/v2\/pages\/486\/revisions"}],"up":[{"embeddable":true,"href":"https:\/\/www.salon-saveurs.com\/printemps\/wp-json\/wp\/v2\/pages\/9689"}],"wp:featuredmedia":[{"embeddable":true,"href":"https:\/\/www.salon-saveurs.com\/printemps\/wp-json\/wp\/v2\/media\/24508"}],"wp:attachment":[{"href":"https:\/\/www.salon-saveurs.com\/printemps\/wp-json\/wp\/v2\/media?parent=486"}],"curies":[{"name":"wp","href":"https:\/\/api.w.org\/{rel}","templated":true}]}}