{"id":2,"date":"2016-06-09T12:15:35","date_gmt":"2016-06-09T10:15:35","guid":{"rendered":"http:\/\/localhost:8888\/Saveurs\/?page_id=2"},"modified":"2018-11-19T18:05:18","modified_gmt":"2018-11-19T17:05:18","slug":"visiter","status":"publish","type":"page","link":"https:\/\/www.salon-saveurs.com\/printemps\/visiter\/","title":{"rendered":"Visiter"},"content":{"rendered":"<p><img decoding=\"async\" src=\"https:\/\/www.salon-saveurs.com\/printemps\/wp-content\/uploads\/2018\/03\/ban-saveurs-charcuterie.jpg\" \/><\/p>\n<h2>Le salon parisien de la gastronomie<\/h2>\n<p>&nbsp;<\/p>\n<h3><a href=\"https:\/\/www.salon-saveurs.com\/printemps\/visiter\/presentation-du-salon\/\">Pr\u00e9sentation du salon<\/a><\/h3>\n<h4><strong>Saveurs des Plaisirs Gourmands : le plus gastronomique des march\u00e9s<\/strong><\/h4>\n<p>Le salon <strong>Saveurs des Plaisirs Gourmands<\/strong> est la manifestation gastronomique la plus s\u00e9lective depuis 1996. Convivial et gourmand, Saveurs r\u00e9unit la fine fleur de la gastronomie. Id\u00e9al pour pr\u00e9parer les f\u00eates de fin d\u2019ann\u00e9e, c\u2019est le march\u00e9 de r\u00e9f\u00e9rence des amoureux de la gastronomie.<\/p>\n<p>&nbsp;<\/p>\n<h3><a href=\"les-nouveautes-2018\/\">Les nouveaut\u00e9s 2018 <\/a><\/h3>\n<p>Un march\u00e9 de producteur, le food lab et la nocturne anim\u00e9e, d\u00e9couvrez toutes les nouveaut\u00e9s de l\u2019\u00e9dition 2018<\/p>\n<p>&nbsp;<\/p>\n<h3><a href=\"https:\/\/www.salon-saveurs.com\/printemps\/visiter\/les-secteurs-du-salon\/\">Les secteurs du salon<\/a><\/h3>\n<h4><strong>Un march\u00e9 gourmand : venez \u00e0 la d\u00e9couverte des terroirs<\/strong><\/h4>\n<p>Avec <b><a href=\"https:\/\/www.salon-saveurs.com\/printemps\/visiter\/liste-des-exposants\/\">250 exposants<\/a>\u00a0<\/b>de France ou d\u2019ailleurs, le salon Saveurs des Plaisirs Gourmands offre une large palette de <a href=\"https:\/\/www.salon-saveurs.com\/printemps\/visiter\/les-secteurs-du-salon\/\">produits exceptionnels<\/a>. Produits r\u00e9gionaux,\u00a0\u00e9picerie fine\u00a0ou alimentation bio : vous aurez l\u2019embarras du choix pour composer vos repas de f\u00eates et trouver des id\u00e9es de cadeaux de No\u00ebl (coffrets gastronomiques, robots culinaires, etc.).<\/p>\n<p>&nbsp;<\/p>\n<h3><a href=\"les-trophees-saveurs\/\">Les Troph\u00e9es Saveurs <\/a><\/h3>\n<p>\u00a0D\u00e9couvrez les produits prim\u00e9s par un jury s\u00e9lectif\u00a0et des journalistes gastronomiques.\u00a0<\/p>\n<p>&nbsp;<\/p>\n<h3><a href=\"..\/decouvertes-gourmandes\/\">D\u00e9couvertes gourmandes <\/a><\/h3>\n<p>\u00a0D\u00e9couvrez les exposants du salon 2017 par th\u00e9matique.\u00a0<\/p>\n<p>&nbsp;<\/p>\n<h3><a href=\"liste-des-exposants\/\">Liste des exposants<\/a><\/h3>\n<p>\u00a0Retrouvez la liste compl\u00e8te des exposants.\u00a0<\/p>\n<p>&nbsp;<\/p>\n<h3><a href=\"le-salon-en-images-2\/\">Le salon en images<\/a><\/h3>\n<p>Re-d\u00e9couvrez le salon, sa f\u00e9erie et son sens du partage avec une s\u00e9lection de photos.\u00a0<\/p>\n<p>&nbsp;<\/p>\n<h3><a href=\"le-salon-en-images\/\">Les produits du salon en images <\/a><\/h3>\n<p>Admirez en images, les produits des exposants, de quoi vous faire patienter jusqu&rsquo;au salon.\u00a0\u00a0<\/p>\n<p>&nbsp;<\/p>\n<h3><a href=\"les-recettes-des-exposants\/\">Les recettes des exposants<\/a><\/h3>\n<p>Succombez aux recettes de nos exposants des plus gastronomiques et raffin\u00e9es.\u00a0<\/p>\n<p>&nbsp;<\/p>\n","protected":false},"excerpt":{"rendered":"<p>Le salon parisien de la gastronomie &nbsp; Pr\u00e9sentation du salon Saveurs des Plaisirs Gourmands : le plus gastronomique des march\u00e9s Le salon Saveurs des Plaisirs Gourmands est la manifestation gastronomique la plus s\u00e9lective depuis 1996. Convivial et gourmand, Saveurs r\u00e9unit la fine fleur de la gastronomie. Id\u00e9al pour pr\u00e9parer les f\u00eates de fin d\u2019ann\u00e9e, c\u2019est&hellip; <\/p>\n","protected":false},"author":1,"featured_media":0,"parent":0,"menu_order":0,"comment_status":"closed","ping_status":"open","template":"","meta":{"_monsterinsights_skip_tracking":false,"_monsterinsights_sitenote_active":false,"_monsterinsights_sitenote_note":"","_monsterinsights_sitenote_category":0,"footnotes":""},"class_list":["post-2","page","type-page","status-publish","hentry"],"yoast_head":"<!-- This site is optimized with the Yoast SEO plugin v27.3 - https:\/\/yoast.com\/product\/yoast-seo-wordpress\/ -->\n<title>Visiter - Salon saveurs des plaisirs gourmands<\/title>\n<meta name=\"robots\" content=\"index, follow, max-snippet:-1, max-image-preview:large, max-video-preview:-1\" \/>\n<link rel=\"canonical\" href=\"https:\/\/www.salon-saveurs.com\/printemps\/visiter\/\" \/>\n<meta property=\"og:locale\" content=\"fr_FR\" \/>\n<meta property=\"og:type\" content=\"article\" \/>\n<meta property=\"og:title\" content=\"Visiter - Salon saveurs des plaisirs gourmands\" \/>\n<meta property=\"og:description\" content=\"Le salon parisien de la gastronomie &nbsp; Pr\u00e9sentation du salon Saveurs des Plaisirs Gourmands : le plus gastronomique des march\u00e9s Le salon Saveurs des Plaisirs Gourmands est la manifestation gastronomique la plus s\u00e9lective depuis 1996. Convivial et gourmand, Saveurs r\u00e9unit la fine fleur de la gastronomie. Id\u00e9al pour pr\u00e9parer les f\u00eates de fin d\u2019ann\u00e9e, c\u2019est&hellip;\" \/>\n<meta property=\"og:url\" content=\"https:\/\/www.salon-saveurs.com\/printemps\/visiter\/\" \/>\n<meta property=\"og:site_name\" content=\"Salon saveurs des plaisirs gourmands\" \/>\n<meta property=\"article:modified_time\" content=\"2018-11-19T17:05:18+00:00\" \/>\n<meta property=\"og:image\" content=\"https:\/\/www.salon-saveurs.com\/printemps\/wp-content\/uploads\/2018\/03\/ban-saveurs-charcuterie.jpg\" \/>\n<meta name=\"twitter:card\" content=\"summary_large_image\" \/>\n<meta name=\"twitter:label1\" content=\"Dur\u00e9e de lecture estim\u00e9e\" \/>\n\t<meta name=\"twitter:data1\" content=\"1 minute\" \/>\n<script type=\"application\/ld+json\" class=\"yoast-schema-graph\">{\"@context\":\"https:\\\/\\\/schema.org\",\"@graph\":[{\"@type\":\"WebPage\",\"@id\":\"https:\\\/\\\/www.salon-saveurs.com\\\/printemps\\\/visiter\\\/\",\"url\":\"https:\\\/\\\/www.salon-saveurs.com\\\/printemps\\\/visiter\\\/\",\"name\":\"Visiter - Salon saveurs des plaisirs gourmands\",\"isPartOf\":{\"@id\":\"https:\\\/\\\/www.salon-saveurs.com\\\/printemps\\\/#website\"},\"primaryImageOfPage\":{\"@id\":\"https:\\\/\\\/www.salon-saveurs.com\\\/printemps\\\/visiter\\\/#primaryimage\"},\"image\":{\"@id\":\"https:\\\/\\\/www.salon-saveurs.com\\\/printemps\\\/visiter\\\/#primaryimage\"},\"thumbnailUrl\":\"https:\\\/\\\/www.salon-saveurs.com\\\/printemps\\\/wp-content\\\/uploads\\\/2018\\\/03\\\/ban-saveurs-charcuterie.jpg\",\"datePublished\":\"2016-06-09T10:15:35+00:00\",\"dateModified\":\"2018-11-19T17:05:18+00:00\",\"breadcrumb\":{\"@id\":\"https:\\\/\\\/www.salon-saveurs.com\\\/printemps\\\/visiter\\\/#breadcrumb\"},\"inLanguage\":\"fr-FR\",\"potentialAction\":[{\"@type\":\"ReadAction\",\"target\":[\"https:\\\/\\\/www.salon-saveurs.com\\\/printemps\\\/visiter\\\/\"]}]},{\"@type\":\"ImageObject\",\"inLanguage\":\"fr-FR\",\"@id\":\"https:\\\/\\\/www.salon-saveurs.com\\\/printemps\\\/visiter\\\/#primaryimage\",\"url\":\"https:\\\/\\\/www.salon-saveurs.com\\\/printemps\\\/wp-content\\\/uploads\\\/2018\\\/03\\\/ban-saveurs-charcuterie.jpg\",\"contentUrl\":\"https:\\\/\\\/www.salon-saveurs.com\\\/printemps\\\/wp-content\\\/uploads\\\/2018\\\/03\\\/ban-saveurs-charcuterie.jpg\",\"width\":841,\"height\":198},{\"@type\":\"BreadcrumbList\",\"@id\":\"https:\\\/\\\/www.salon-saveurs.com\\\/printemps\\\/visiter\\\/#breadcrumb\",\"itemListElement\":[{\"@type\":\"ListItem\",\"position\":1,\"name\":\"Accueil\",\"item\":\"https:\\\/\\\/www.salon-saveurs.com\\\/printemps\\\/\"},{\"@type\":\"ListItem\",\"position\":2,\"name\":\"Visiter\"}]},{\"@type\":\"WebSite\",\"@id\":\"https:\\\/\\\/www.salon-saveurs.com\\\/printemps\\\/#website\",\"url\":\"https:\\\/\\\/www.salon-saveurs.com\\\/printemps\\\/\",\"name\":\"Salon saveurs des plaisirs gourmands\",\"description\":\"\",\"publisher\":{\"@id\":\"https:\\\/\\\/www.salon-saveurs.com\\\/printemps\\\/#organization\"},\"potentialAction\":[{\"@type\":\"SearchAction\",\"target\":{\"@type\":\"EntryPoint\",\"urlTemplate\":\"https:\\\/\\\/www.salon-saveurs.com\\\/printemps\\\/?s={search_term_string}\"},\"query-input\":{\"@type\":\"PropertyValueSpecification\",\"valueRequired\":true,\"valueName\":\"search_term_string\"}}],\"inLanguage\":\"fr-FR\"},{\"@type\":\"Organization\",\"@id\":\"https:\\\/\\\/www.salon-saveurs.com\\\/printemps\\\/#organization\",\"name\":\"Salon saveurs des plaisirs gourmands\",\"url\":\"https:\\\/\\\/www.salon-saveurs.com\\\/printemps\\\/\",\"logo\":{\"@type\":\"ImageObject\",\"inLanguage\":\"fr-FR\",\"@id\":\"https:\\\/\\\/www.salon-saveurs.com\\\/printemps\\\/#\\\/schema\\\/logo\\\/image\\\/\",\"url\":\"https:\\\/\\\/www.salon-saveurs.com\\\/printemps\\\/wp-content\\\/uploads\\\/2025\\\/11\\\/logo-saveurs-COMPLET-TRANSPARENT-1.png\",\"contentUrl\":\"https:\\\/\\\/www.salon-saveurs.com\\\/printemps\\\/wp-content\\\/uploads\\\/2025\\\/11\\\/logo-saveurs-COMPLET-TRANSPARENT-1.png\",\"width\":1600,\"height\":600,\"caption\":\"Salon saveurs des plaisirs gourmands\"},\"image\":{\"@id\":\"https:\\\/\\\/www.salon-saveurs.com\\\/printemps\\\/#\\\/schema\\\/logo\\\/image\\\/\"}}]}<\/script>\n<!-- \/ Yoast SEO plugin. -->","yoast_head_json":{"title":"Visiter - Salon saveurs des plaisirs gourmands","robots":{"index":"index","follow":"follow","max-snippet":"max-snippet:-1","max-image-preview":"max-image-preview:large","max-video-preview":"max-video-preview:-1"},"canonical":"https:\/\/www.salon-saveurs.com\/printemps\/visiter\/","og_locale":"fr_FR","og_type":"article","og_title":"Visiter - Salon saveurs des plaisirs gourmands","og_description":"Le salon parisien de la gastronomie &nbsp; Pr\u00e9sentation du salon Saveurs des Plaisirs Gourmands : le plus gastronomique des march\u00e9s Le salon Saveurs des Plaisirs Gourmands est la manifestation gastronomique la plus s\u00e9lective depuis 1996. Convivial et gourmand, Saveurs r\u00e9unit la fine fleur de la gastronomie. Id\u00e9al pour pr\u00e9parer les f\u00eates de fin d\u2019ann\u00e9e, c\u2019est&hellip;","og_url":"https:\/\/www.salon-saveurs.com\/printemps\/visiter\/","og_site_name":"Salon saveurs des plaisirs gourmands","article_modified_time":"2018-11-19T17:05:18+00:00","og_image":[{"url":"https:\/\/www.salon-saveurs.com\/printemps\/wp-content\/uploads\/2018\/03\/ban-saveurs-charcuterie.jpg","type":"","width":"","height":""}],"twitter_card":"summary_large_image","twitter_misc":{"Dur\u00e9e de lecture estim\u00e9e":"1 minute"},"schema":{"@context":"https:\/\/schema.org","@graph":[{"@type":"WebPage","@id":"https:\/\/www.salon-saveurs.com\/printemps\/visiter\/","url":"https:\/\/www.salon-saveurs.com\/printemps\/visiter\/","name":"Visiter - Salon saveurs des plaisirs gourmands","isPartOf":{"@id":"https:\/\/www.salon-saveurs.com\/printemps\/#website"},"primaryImageOfPage":{"@id":"https:\/\/www.salon-saveurs.com\/printemps\/visiter\/#primaryimage"},"image":{"@id":"https:\/\/www.salon-saveurs.com\/printemps\/visiter\/#primaryimage"},"thumbnailUrl":"https:\/\/www.salon-saveurs.com\/printemps\/wp-content\/uploads\/2018\/03\/ban-saveurs-charcuterie.jpg","datePublished":"2016-06-09T10:15:35+00:00","dateModified":"2018-11-19T17:05:18+00:00","breadcrumb":{"@id":"https:\/\/www.salon-saveurs.com\/printemps\/visiter\/#breadcrumb"},"inLanguage":"fr-FR","potentialAction":[{"@type":"ReadAction","target":["https:\/\/www.salon-saveurs.com\/printemps\/visiter\/"]}]},{"@type":"ImageObject","inLanguage":"fr-FR","@id":"https:\/\/www.salon-saveurs.com\/printemps\/visiter\/#primaryimage","url":"https:\/\/www.salon-saveurs.com\/printemps\/wp-content\/uploads\/2018\/03\/ban-saveurs-charcuterie.jpg","contentUrl":"https:\/\/www.salon-saveurs.com\/printemps\/wp-content\/uploads\/2018\/03\/ban-saveurs-charcuterie.jpg","width":841,"height":198},{"@type":"BreadcrumbList","@id":"https:\/\/www.salon-saveurs.com\/printemps\/visiter\/#breadcrumb","itemListElement":[{"@type":"ListItem","position":1,"name":"Accueil","item":"https:\/\/www.salon-saveurs.com\/printemps\/"},{"@type":"ListItem","position":2,"name":"Visiter"}]},{"@type":"WebSite","@id":"https:\/\/www.salon-saveurs.com\/printemps\/#website","url":"https:\/\/www.salon-saveurs.com\/printemps\/","name":"Salon saveurs des plaisirs gourmands","description":"","publisher":{"@id":"https:\/\/www.salon-saveurs.com\/printemps\/#organization"},"potentialAction":[{"@type":"SearchAction","target":{"@type":"EntryPoint","urlTemplate":"https:\/\/www.salon-saveurs.com\/printemps\/?s={search_term_string}"},"query-input":{"@type":"PropertyValueSpecification","valueRequired":true,"valueName":"search_term_string"}}],"inLanguage":"fr-FR"},{"@type":"Organization","@id":"https:\/\/www.salon-saveurs.com\/printemps\/#organization","name":"Salon saveurs des plaisirs gourmands","url":"https:\/\/www.salon-saveurs.com\/printemps\/","logo":{"@type":"ImageObject","inLanguage":"fr-FR","@id":"https:\/\/www.salon-saveurs.com\/printemps\/#\/schema\/logo\/image\/","url":"https:\/\/www.salon-saveurs.com\/printemps\/wp-content\/uploads\/2025\/11\/logo-saveurs-COMPLET-TRANSPARENT-1.png","contentUrl":"https:\/\/www.salon-saveurs.com\/printemps\/wp-content\/uploads\/2025\/11\/logo-saveurs-COMPLET-TRANSPARENT-1.png","width":1600,"height":600,"caption":"Salon saveurs des plaisirs gourmands"},"image":{"@id":"https:\/\/www.salon-saveurs.com\/printemps\/#\/schema\/logo\/image\/"}}]}},"_links":{"self":[{"href":"https:\/\/www.salon-saveurs.com\/printemps\/wp-json\/wp\/v2\/pages\/2","targetHints":{"allow":["GET"]}}],"collection":[{"href":"https:\/\/www.salon-saveurs.com\/printemps\/wp-json\/wp\/v2\/pages"}],"about":[{"href":"https:\/\/www.salon-saveurs.com\/printemps\/wp-json\/wp\/v2\/types\/page"}],"author":[{"embeddable":true,"href":"https:\/\/www.salon-saveurs.com\/printemps\/wp-json\/wp\/v2\/users\/1"}],"replies":[{"embeddable":true,"href":"https:\/\/www.salon-saveurs.com\/printemps\/wp-json\/wp\/v2\/comments?post=2"}],"version-history":[{"count":0,"href":"https:\/\/www.salon-saveurs.com\/printemps\/wp-json\/wp\/v2\/pages\/2\/revisions"}],"wp:attachment":[{"href":"https:\/\/www.salon-saveurs.com\/printemps\/wp-json\/wp\/v2\/media?parent=2"}],"curies":[{"name":"wp","href":"https:\/\/api.w.org\/{rel}","templated":true}]}}