{"id":19035,"date":"2023-03-16T14:18:27","date_gmt":"2023-03-16T13:18:27","guid":{"rendered":"https:\/\/www.salon-saveurs.com\/printemps\/?page_id=19035"},"modified":"2026-01-14T14:53:22","modified_gmt":"2026-01-14T13:53:22","slug":"la-galerie-des-best-sellers-et-nouveautes","status":"publish","type":"page","link":"https:\/\/www.salon-saveurs.com\/printemps\/visiter\/la-galerie-des-best-sellers-et-nouveautes\/","title":{"rendered":"La Galerie des Best-sellers et Nouveaut\u00e9s"},"content":{"rendered":"<p><a href=\"https:\/\/www.salon-saveurs.com\/printemps\/wp-content\/uploads\/2025\/06\/photo-saveurs-web-hiver-2025.png\"><img fetchpriority=\"high\" decoding=\"async\" class=\"alignnone size-full wp-image-25621\" src=\"https:\/\/www.salon-saveurs.com\/printemps\/wp-content\/uploads\/2025\/06\/photo-saveurs-web-hiver-2025.png\" alt=\"\" width=\"2000\" height=\"600\" srcset=\"https:\/\/www.salon-saveurs.com\/printemps\/wp-content\/uploads\/2025\/06\/photo-saveurs-web-hiver-2025.png 2000w, https:\/\/www.salon-saveurs.com\/printemps\/wp-content\/uploads\/2025\/06\/photo-saveurs-web-hiver-2025-300x90.png 300w, https:\/\/www.salon-saveurs.com\/printemps\/wp-content\/uploads\/2025\/06\/photo-saveurs-web-hiver-2025-1024x307.png 1024w, https:\/\/www.salon-saveurs.com\/printemps\/wp-content\/uploads\/2025\/06\/photo-saveurs-web-hiver-2025-768x230.png 768w, https:\/\/www.salon-saveurs.com\/printemps\/wp-content\/uploads\/2025\/06\/photo-saveurs-web-hiver-2025-1536x461.png 1536w, https:\/\/www.salon-saveurs.com\/printemps\/wp-content\/uploads\/2025\/06\/photo-saveurs-web-hiver-2025-150x45.png 150w, https:\/\/www.salon-saveurs.com\/printemps\/wp-content\/uploads\/2025\/06\/photo-saveurs-web-hiver-2025-500x150.png 500w\" sizes=\"(max-width: 2000px) 100vw, 2000px\" \/><\/a><\/p>\n<p><span style=\"text-align: justify;\"><br \/>\nChaque ann\u00e9e, pour l&rsquo;\u00e9dition printani\u00e8re, <\/span><strong style=\"text-align: justify;\">les exposants du salon<\/strong><span style=\"text-align: justify;\"> ont la possibilit\u00e9 de mettre en avant leurs <\/span><strong style=\"text-align: justify;\">produits phares<\/strong><span style=\"text-align: justify;\">,<\/span><strong style=\"text-align: justify;\">\u00a0meilleures ventes\u00a0<\/strong><span style=\"text-align: justify;\">et<\/span><strong style=\"text-align: justify;\"> derni\u00e8res sorties<\/strong><span style=\"text-align: justify;\">.<\/span><\/p>\n<p style=\"text-align: justify;\">Sur le salon, un<strong> espace <\/strong>est<strong>\u00a0d\u00e9di\u00e9<\/strong> aux gourmandises de nos producteurs, artisans et jeunes entrepreneurs, dans une vitrine sp\u00e9cialement am\u00e9nag\u00e9 !<\/p>\n<p style=\"text-align: justify;\"><strong><br \/>\nRestez connect\u00e9s<\/strong>, nous vous r\u00e9v\u00e8lerons prochainement les produits pr\u00e9sent\u00e9s dans cette Galerie&#8230;<\/p>\n<p>&nbsp;<\/p>\n<hr \/>\n<p>En attendant, vous pouvez re-d\u00e9couvrir les produits des ann\u00e9es pr\u00e9c\u00e9dentes :<\/p>\n<ul>\n<li><a href=\"https:\/\/www.salon-saveurs.com\/printemps\/?p=25619\" target=\"_blank\" rel=\"noopener\">2025<\/a><\/li>\n<\/ul>\n","protected":false},"excerpt":{"rendered":"<p>Chaque ann\u00e9e, pour l&rsquo;\u00e9dition printani\u00e8re, les exposants du salon ont la possibilit\u00e9 de mettre en avant leurs produits phares,\u00a0meilleures ventes\u00a0et derni\u00e8res sorties. Sur le salon, un espace est\u00a0d\u00e9di\u00e9 aux gourmandises de nos producteurs, artisans et jeunes entrepreneurs, dans une vitrine sp\u00e9cialement am\u00e9nag\u00e9 ! Restez connect\u00e9s, nous vous r\u00e9v\u00e8lerons prochainement les produits pr\u00e9sent\u00e9s dans cette Galerie&#8230;&hellip; <\/p>\n","protected":false},"author":6,"featured_media":0,"parent":2,"menu_order":7,"comment_status":"closed","ping_status":"closed","template":"","meta":{"_monsterinsights_skip_tracking":false,"_monsterinsights_sitenote_active":false,"_monsterinsights_sitenote_note":"","_monsterinsights_sitenote_category":0,"footnotes":""},"class_list":["post-19035","page","type-page","status-publish","hentry"],"yoast_head":"<!-- This site is optimized with the Yoast SEO plugin v27.3 - https:\/\/yoast.com\/product\/yoast-seo-wordpress\/ -->\n<title>La Galerie des Best-sellers et Nouveaut\u00e9s - Salon saveurs des plaisirs gourmands<\/title>\n<meta name=\"robots\" content=\"index, follow, max-snippet:-1, max-image-preview:large, max-video-preview:-1\" \/>\n<link rel=\"canonical\" href=\"https:\/\/www.salon-saveurs.com\/printemps\/visiter\/la-galerie-des-best-sellers-et-nouveautes\/\" \/>\n<meta property=\"og:locale\" content=\"fr_FR\" \/>\n<meta property=\"og:type\" content=\"article\" \/>\n<meta property=\"og:title\" content=\"La Galerie des Best-sellers et Nouveaut\u00e9s - Salon saveurs des plaisirs gourmands\" \/>\n<meta property=\"og:description\" content=\"Chaque ann\u00e9e, pour l&rsquo;\u00e9dition printani\u00e8re, les exposants du salon ont la possibilit\u00e9 de mettre en avant leurs produits phares,\u00a0meilleures ventes\u00a0et derni\u00e8res sorties. Sur le salon, un espace est\u00a0d\u00e9di\u00e9 aux gourmandises de nos producteurs, artisans et jeunes entrepreneurs, dans une vitrine sp\u00e9cialement am\u00e9nag\u00e9 ! Restez connect\u00e9s, nous vous r\u00e9v\u00e8lerons prochainement les produits pr\u00e9sent\u00e9s dans cette Galerie&#8230;&hellip;\" \/>\n<meta property=\"og:url\" content=\"https:\/\/www.salon-saveurs.com\/printemps\/visiter\/la-galerie-des-best-sellers-et-nouveautes\/\" \/>\n<meta property=\"og:site_name\" content=\"Salon saveurs des plaisirs gourmands\" \/>\n<meta property=\"article:modified_time\" content=\"2026-01-14T13:53:22+00:00\" \/>\n<meta property=\"og:image\" content=\"https:\/\/www.salon-saveurs.com\/printemps\/wp-content\/uploads\/2025\/06\/photo-saveurs-web-hiver-2025.png\" \/>\n\t<meta property=\"og:image:width\" content=\"2000\" \/>\n\t<meta property=\"og:image:height\" content=\"600\" \/>\n\t<meta property=\"og:image:type\" content=\"image\/png\" \/>\n<meta name=\"twitter:card\" content=\"summary_large_image\" \/>\n<meta name=\"twitter:label1\" content=\"Dur\u00e9e de lecture estim\u00e9e\" \/>\n\t<meta name=\"twitter:data1\" content=\"1 minute\" \/>\n<script type=\"application\/ld+json\" class=\"yoast-schema-graph\">{\"@context\":\"https:\\\/\\\/schema.org\",\"@graph\":[{\"@type\":\"WebPage\",\"@id\":\"https:\\\/\\\/www.salon-saveurs.com\\\/printemps\\\/visiter\\\/la-galerie-des-best-sellers-et-nouveautes\\\/\",\"url\":\"https:\\\/\\\/www.salon-saveurs.com\\\/printemps\\\/visiter\\\/la-galerie-des-best-sellers-et-nouveautes\\\/\",\"name\":\"La Galerie des Best-sellers et Nouveaut\u00e9s - Salon saveurs des plaisirs gourmands\",\"isPartOf\":{\"@id\":\"https:\\\/\\\/www.salon-saveurs.com\\\/printemps\\\/#website\"},\"primaryImageOfPage\":{\"@id\":\"https:\\\/\\\/www.salon-saveurs.com\\\/printemps\\\/visiter\\\/la-galerie-des-best-sellers-et-nouveautes\\\/#primaryimage\"},\"image\":{\"@id\":\"https:\\\/\\\/www.salon-saveurs.com\\\/printemps\\\/visiter\\\/la-galerie-des-best-sellers-et-nouveautes\\\/#primaryimage\"},\"thumbnailUrl\":\"https:\\\/\\\/www.salon-saveurs.com\\\/printemps\\\/wp-content\\\/uploads\\\/2025\\\/06\\\/photo-saveurs-web-hiver-2025.png\",\"datePublished\":\"2023-03-16T13:18:27+00:00\",\"dateModified\":\"2026-01-14T13:53:22+00:00\",\"breadcrumb\":{\"@id\":\"https:\\\/\\\/www.salon-saveurs.com\\\/printemps\\\/visiter\\\/la-galerie-des-best-sellers-et-nouveautes\\\/#breadcrumb\"},\"inLanguage\":\"fr-FR\",\"potentialAction\":[{\"@type\":\"ReadAction\",\"target\":[\"https:\\\/\\\/www.salon-saveurs.com\\\/printemps\\\/visiter\\\/la-galerie-des-best-sellers-et-nouveautes\\\/\"]}]},{\"@type\":\"ImageObject\",\"inLanguage\":\"fr-FR\",\"@id\":\"https:\\\/\\\/www.salon-saveurs.com\\\/printemps\\\/visiter\\\/la-galerie-des-best-sellers-et-nouveautes\\\/#primaryimage\",\"url\":\"https:\\\/\\\/www.salon-saveurs.com\\\/printemps\\\/wp-content\\\/uploads\\\/2025\\\/06\\\/photo-saveurs-web-hiver-2025.png\",\"contentUrl\":\"https:\\\/\\\/www.salon-saveurs.com\\\/printemps\\\/wp-content\\\/uploads\\\/2025\\\/06\\\/photo-saveurs-web-hiver-2025.png\"},{\"@type\":\"BreadcrumbList\",\"@id\":\"https:\\\/\\\/www.salon-saveurs.com\\\/printemps\\\/visiter\\\/la-galerie-des-best-sellers-et-nouveautes\\\/#breadcrumb\",\"itemListElement\":[{\"@type\":\"ListItem\",\"position\":1,\"name\":\"Accueil\",\"item\":\"https:\\\/\\\/www.salon-saveurs.com\\\/printemps\\\/\"},{\"@type\":\"ListItem\",\"position\":2,\"name\":\"Visiter\",\"item\":\"https:\\\/\\\/www.salon-saveurs.com\\\/printemps\\\/visiter\\\/\"},{\"@type\":\"ListItem\",\"position\":3,\"name\":\"La Galerie des Best-sellers et Nouveaut\u00e9s\"}]},{\"@type\":\"WebSite\",\"@id\":\"https:\\\/\\\/www.salon-saveurs.com\\\/printemps\\\/#website\",\"url\":\"https:\\\/\\\/www.salon-saveurs.com\\\/printemps\\\/\",\"name\":\"Salon saveurs des plaisirs gourmands\",\"description\":\"\",\"publisher\":{\"@id\":\"https:\\\/\\\/www.salon-saveurs.com\\\/printemps\\\/#organization\"},\"potentialAction\":[{\"@type\":\"SearchAction\",\"target\":{\"@type\":\"EntryPoint\",\"urlTemplate\":\"https:\\\/\\\/www.salon-saveurs.com\\\/printemps\\\/?s={search_term_string}\"},\"query-input\":{\"@type\":\"PropertyValueSpecification\",\"valueRequired\":true,\"valueName\":\"search_term_string\"}}],\"inLanguage\":\"fr-FR\"},{\"@type\":\"Organization\",\"@id\":\"https:\\\/\\\/www.salon-saveurs.com\\\/printemps\\\/#organization\",\"name\":\"Salon saveurs des plaisirs gourmands\",\"url\":\"https:\\\/\\\/www.salon-saveurs.com\\\/printemps\\\/\",\"logo\":{\"@type\":\"ImageObject\",\"inLanguage\":\"fr-FR\",\"@id\":\"https:\\\/\\\/www.salon-saveurs.com\\\/printemps\\\/#\\\/schema\\\/logo\\\/image\\\/\",\"url\":\"https:\\\/\\\/www.salon-saveurs.com\\\/printemps\\\/wp-content\\\/uploads\\\/2025\\\/11\\\/logo-saveurs-COMPLET-TRANSPARENT-1.png\",\"contentUrl\":\"https:\\\/\\\/www.salon-saveurs.com\\\/printemps\\\/wp-content\\\/uploads\\\/2025\\\/11\\\/logo-saveurs-COMPLET-TRANSPARENT-1.png\",\"width\":1600,\"height\":600,\"caption\":\"Salon saveurs des plaisirs gourmands\"},\"image\":{\"@id\":\"https:\\\/\\\/www.salon-saveurs.com\\\/printemps\\\/#\\\/schema\\\/logo\\\/image\\\/\"}}]}<\/script>\n<!-- \/ Yoast SEO plugin. -->","yoast_head_json":{"title":"La Galerie des Best-sellers et Nouveaut\u00e9s - Salon saveurs des plaisirs gourmands","robots":{"index":"index","follow":"follow","max-snippet":"max-snippet:-1","max-image-preview":"max-image-preview:large","max-video-preview":"max-video-preview:-1"},"canonical":"https:\/\/www.salon-saveurs.com\/printemps\/visiter\/la-galerie-des-best-sellers-et-nouveautes\/","og_locale":"fr_FR","og_type":"article","og_title":"La Galerie des Best-sellers et Nouveaut\u00e9s - Salon saveurs des plaisirs gourmands","og_description":"Chaque ann\u00e9e, pour l&rsquo;\u00e9dition printani\u00e8re, les exposants du salon ont la possibilit\u00e9 de mettre en avant leurs produits phares,\u00a0meilleures ventes\u00a0et derni\u00e8res sorties. Sur le salon, un espace est\u00a0d\u00e9di\u00e9 aux gourmandises de nos producteurs, artisans et jeunes entrepreneurs, dans une vitrine sp\u00e9cialement am\u00e9nag\u00e9 ! Restez connect\u00e9s, nous vous r\u00e9v\u00e8lerons prochainement les produits pr\u00e9sent\u00e9s dans cette Galerie&#8230;&hellip;","og_url":"https:\/\/www.salon-saveurs.com\/printemps\/visiter\/la-galerie-des-best-sellers-et-nouveautes\/","og_site_name":"Salon saveurs des plaisirs gourmands","article_modified_time":"2026-01-14T13:53:22+00:00","og_image":[{"width":2000,"height":600,"url":"https:\/\/www.salon-saveurs.com\/printemps\/wp-content\/uploads\/2025\/06\/photo-saveurs-web-hiver-2025.png","type":"image\/png"}],"twitter_card":"summary_large_image","twitter_misc":{"Dur\u00e9e de lecture estim\u00e9e":"1 minute"},"schema":{"@context":"https:\/\/schema.org","@graph":[{"@type":"WebPage","@id":"https:\/\/www.salon-saveurs.com\/printemps\/visiter\/la-galerie-des-best-sellers-et-nouveautes\/","url":"https:\/\/www.salon-saveurs.com\/printemps\/visiter\/la-galerie-des-best-sellers-et-nouveautes\/","name":"La Galerie des Best-sellers et Nouveaut\u00e9s - Salon saveurs des plaisirs gourmands","isPartOf":{"@id":"https:\/\/www.salon-saveurs.com\/printemps\/#website"},"primaryImageOfPage":{"@id":"https:\/\/www.salon-saveurs.com\/printemps\/visiter\/la-galerie-des-best-sellers-et-nouveautes\/#primaryimage"},"image":{"@id":"https:\/\/www.salon-saveurs.com\/printemps\/visiter\/la-galerie-des-best-sellers-et-nouveautes\/#primaryimage"},"thumbnailUrl":"https:\/\/www.salon-saveurs.com\/printemps\/wp-content\/uploads\/2025\/06\/photo-saveurs-web-hiver-2025.png","datePublished":"2023-03-16T13:18:27+00:00","dateModified":"2026-01-14T13:53:22+00:00","breadcrumb":{"@id":"https:\/\/www.salon-saveurs.com\/printemps\/visiter\/la-galerie-des-best-sellers-et-nouveautes\/#breadcrumb"},"inLanguage":"fr-FR","potentialAction":[{"@type":"ReadAction","target":["https:\/\/www.salon-saveurs.com\/printemps\/visiter\/la-galerie-des-best-sellers-et-nouveautes\/"]}]},{"@type":"ImageObject","inLanguage":"fr-FR","@id":"https:\/\/www.salon-saveurs.com\/printemps\/visiter\/la-galerie-des-best-sellers-et-nouveautes\/#primaryimage","url":"https:\/\/www.salon-saveurs.com\/printemps\/wp-content\/uploads\/2025\/06\/photo-saveurs-web-hiver-2025.png","contentUrl":"https:\/\/www.salon-saveurs.com\/printemps\/wp-content\/uploads\/2025\/06\/photo-saveurs-web-hiver-2025.png"},{"@type":"BreadcrumbList","@id":"https:\/\/www.salon-saveurs.com\/printemps\/visiter\/la-galerie-des-best-sellers-et-nouveautes\/#breadcrumb","itemListElement":[{"@type":"ListItem","position":1,"name":"Accueil","item":"https:\/\/www.salon-saveurs.com\/printemps\/"},{"@type":"ListItem","position":2,"name":"Visiter","item":"https:\/\/www.salon-saveurs.com\/printemps\/visiter\/"},{"@type":"ListItem","position":3,"name":"La Galerie des Best-sellers et Nouveaut\u00e9s"}]},{"@type":"WebSite","@id":"https:\/\/www.salon-saveurs.com\/printemps\/#website","url":"https:\/\/www.salon-saveurs.com\/printemps\/","name":"Salon saveurs des plaisirs gourmands","description":"","publisher":{"@id":"https:\/\/www.salon-saveurs.com\/printemps\/#organization"},"potentialAction":[{"@type":"SearchAction","target":{"@type":"EntryPoint","urlTemplate":"https:\/\/www.salon-saveurs.com\/printemps\/?s={search_term_string}"},"query-input":{"@type":"PropertyValueSpecification","valueRequired":true,"valueName":"search_term_string"}}],"inLanguage":"fr-FR"},{"@type":"Organization","@id":"https:\/\/www.salon-saveurs.com\/printemps\/#organization","name":"Salon saveurs des plaisirs gourmands","url":"https:\/\/www.salon-saveurs.com\/printemps\/","logo":{"@type":"ImageObject","inLanguage":"fr-FR","@id":"https:\/\/www.salon-saveurs.com\/printemps\/#\/schema\/logo\/image\/","url":"https:\/\/www.salon-saveurs.com\/printemps\/wp-content\/uploads\/2025\/11\/logo-saveurs-COMPLET-TRANSPARENT-1.png","contentUrl":"https:\/\/www.salon-saveurs.com\/printemps\/wp-content\/uploads\/2025\/11\/logo-saveurs-COMPLET-TRANSPARENT-1.png","width":1600,"height":600,"caption":"Salon saveurs des plaisirs gourmands"},"image":{"@id":"https:\/\/www.salon-saveurs.com\/printemps\/#\/schema\/logo\/image\/"}}]}},"_links":{"self":[{"href":"https:\/\/www.salon-saveurs.com\/printemps\/wp-json\/wp\/v2\/pages\/19035","targetHints":{"allow":["GET"]}}],"collection":[{"href":"https:\/\/www.salon-saveurs.com\/printemps\/wp-json\/wp\/v2\/pages"}],"about":[{"href":"https:\/\/www.salon-saveurs.com\/printemps\/wp-json\/wp\/v2\/types\/page"}],"author":[{"embeddable":true,"href":"https:\/\/www.salon-saveurs.com\/printemps\/wp-json\/wp\/v2\/users\/6"}],"replies":[{"embeddable":true,"href":"https:\/\/www.salon-saveurs.com\/printemps\/wp-json\/wp\/v2\/comments?post=19035"}],"version-history":[{"count":0,"href":"https:\/\/www.salon-saveurs.com\/printemps\/wp-json\/wp\/v2\/pages\/19035\/revisions"}],"up":[{"embeddable":true,"href":"https:\/\/www.salon-saveurs.com\/printemps\/wp-json\/wp\/v2\/pages\/2"}],"wp:attachment":[{"href":"https:\/\/www.salon-saveurs.com\/printemps\/wp-json\/wp\/v2\/media?parent=19035"}],"curies":[{"name":"wp","href":"https:\/\/api.w.org\/{rel}","templated":true}]}}