{"id":14,"date":"2016-06-09T15:40:43","date_gmt":"2016-06-09T13:40:43","guid":{"rendered":"http:\/\/localhost:8888\/Saveurs\/?page_id=14"},"modified":"2019-06-03T12:11:07","modified_gmt":"2019-06-03T10:11:07","slug":"programme-2016","status":"publish","type":"page","link":"https:\/\/www.salon-saveurs.com\/printemps\/2016-2\/programme-2016\/","title":{"rendered":"Programme 2016"},"content":{"rendered":"<p><img fetchpriority=\"high\" decoding=\"async\" class=\"alignnone size-full wp-image-1395\" src=\"https:\/\/www.salon-saveurs.com\/printemps\/wp-content\/uploads\/2016\/06\/salon-saveurs6-1.jpg\" alt=\"Programme salon Saveurs\" width=\"841\" height=\"198\" srcset=\"https:\/\/www.salon-saveurs.com\/printemps\/wp-content\/uploads\/2016\/06\/salon-saveurs6-1.jpg 841w, https:\/\/www.salon-saveurs.com\/printemps\/wp-content\/uploads\/2016\/06\/salon-saveurs6-1-300x71.jpg 300w, https:\/\/www.salon-saveurs.com\/printemps\/wp-content\/uploads\/2016\/06\/salon-saveurs6-1-768x181.jpg 768w, https:\/\/www.salon-saveurs.com\/printemps\/wp-content\/uploads\/2016\/06\/salon-saveurs6-1-150x35.jpg 150w, https:\/\/www.salon-saveurs.com\/printemps\/wp-content\/uploads\/2016\/06\/salon-saveurs6-1-500x118.jpg 500w\" sizes=\"(max-width: 841px) 100vw, 841px\" \/><\/p>\n<p>A l&rsquo;occasion du salon Saveurs des Plaisirs Gourmands, Madame Figaro organise pour la premi\u00e8re fois une animation culinaire \u00ab\u00a0La Cuisine Madame Figaro\u00a0\u00bb, autour de la rencontre de chefs, de d\u00e9couvertes de produits et d&rsquo;ateliers p\u00e9dagogiques. Cet espace accueillera \u00e9galement la soir\u00e9e bloggeuses organis\u00e9e le vendredi 2 d\u00e9cembre pour des ateliers sp\u00e9cifiques et des d\u00e9gustations de produits d&rsquo;exposants.<\/p>\n<h2>La Cuisine Madame Figaro<\/h2>\n<p><img decoding=\"async\" class=\"alignright\" title=\"\" src=\"https:\/\/www.salon-saveurs.com\/printemps\/wp-content\/uploads\/2016\/10\/Logo_MadameFigaro_Cuisine.jpg\" alt=\"\" width=\"223\" height=\"145\" \/><br \/>\nPour la premi\u00e8re fois au salon Saveurs des Plaisirs Gourmands, Madame Figaro anime un espace unique pour faire d\u00e9couvrir aux visiteurs du Salon son univers culinaire. Rencontres avec des chefs, ateliers de food stylism, de cuisine ou de mixologie et d\u00e9couverte de produits coups de c\u0153urs seront aux rendez-vous de ce moment gourmand.<\/p>\n<p><img decoding=\"async\" class=\"alignleft\" title=\"\" src=\"https:\/\/www.salon-saveurs.com\/printemps\/wp-content\/uploads\/2016\/11\/Christophe-Michalak-790x1024.jpg\" alt=\"\" width=\"154\" height=\"200\" \/><\/p>\n<p><strong>Rencontre au sommet avec Christophe Michalak<\/strong><\/p>\n<p>Le plus ce?le?bre des chefs pa?tissiers vient d&rsquo;ouvrir une deuxie?me boutique a? Saint-Germain-des-Pre?s et fe?te la sortie de son neuvie?me livre, l&rsquo;Ultime Cake Book (Alain Ducasse e?ditions). Il sera pre?sent sur le stand La Cuisine Madame Figaro pour re?pondre a? toutes vos questions lors d&rsquo;une rencontre exceptionnelle. Christophe Michalak vous proposera e?galement ses meilleurs produits dans son Pop Up store, ouvert toute la journe?e du samedi sur le me?me stand.<br \/>\nSamedi 3 de?cembre, rencontre a? 14 heures. Stand CL024.<br \/>\n<a href=\"http:\/\/madame.lefigaro.fr\/bons-plans\/gagnez-une-rencontre-avec-christophe-michalak-lors-du-salon-saveurs-221116-117910\">Inscrivez-vous en cliquant ici<\/a><\/p>\n<p><strong>Mixologie et cocktails au cidre de Normandie<\/strong><strong><img loading=\"lazy\" decoding=\"async\" class=\"alignright\" title=\"\" src=\"https:\/\/www.salon-saveurs.com\/printemps\/wp-content\/uploads\/2016\/11\/SASSY-itw-620x527.jpg\" alt=\"\" width=\"185\" height=\"157\" \/><\/strong><\/p>\n<p>Xavier d&rsquo;Audiffret Pasquier et Pierre-Emmanuel Racine-Jourdren ont grandi ensemble en Normandie et&#8230; ont eu l&rsquo;excellente ide?e de se faire les chantres d&rsquo;un cidre artisanal top qualite? mais de?poussie?re?. Mai?tre de chai hors pair pour l&rsquo;e?laboration de ces cidres Sassy, coup de crayon expert de l&rsquo;illustrateur Jean Jullien (le logo \u201cPeace for Paris\u201d qui a fait le tour du monde, c&rsquo;est lui) pour une collaboration pop ine?dite, verre a? cocktail pluto?t que bole?e&#8230; Invitation a? une lec?on de mixologie, made in Normandie, avec les trois incontournables de la marque : l&rsquo;Inimitable, le Vertueux et le Sulfureux.<br \/>\nSamedi 3 de?cembre, 2 ateliers mixologie avec le cidre Sassy a? 17 h 30 et 18 h 30.\u00a0Stand CL024.<br \/>\n<a href=\"http:\/\/madame.lefigaro.fr\/cuisine\/participez-a-un-atelier-mixologie-avec-le-cidre-sassy-lors-du-salon-saveurs-161116-117818\">Inscrivez-vous en cliquant ici<\/a><\/p>\n<p><img loading=\"lazy\" decoding=\"async\" class=\"alignleft\" src=\"https:\/\/www.salon-saveurs.com\/printemps\/wp-content\/uploads\/2016\/11\/bar-a-porridge.jpg\" width=\"159\" height=\"219\" \/><strong>Porridges en f\u00eate avec Cl\u00e9mence Catz<\/strong><\/p>\n<p>Ex-assistante de production, elle a quitte? les plateaux de cine?ma pour les fourneaux et a transforme? sa petite cuisine parisienne en labo du bio. Ses Savoir-faire de la cuisine ve?ge?tarienne sont devenus la bible verte des gastronomes et elle vient de publier Bar a? Porridge (e?ditions La Plage). Elle donne aussi des cours de cuisine et son blog \u00ab <a href=\"http:\/\/plaisirsante.canalblog.com\/\">Chez Clem<\/a> \u00bb propose une cuisine alternative, ludique et toujours extre?mement gourmande. Pour nous, elle animera un bar a? porridges.<br \/>\nSamedi 3 de?cembre, atelier porridge a? 16 h.\u00a0Stand CL024.<br \/>\n<a href=\"http:\/\/madame.lefigaro.fr\/cuisine\/initiez-vous-au-porridge-maison-avec-clemence-catz-lors-du-salon-saveurs-211116-117901\">Inscrivez-vous en cliquant ici<\/a><\/p>\n<p><strong>L&rsquo;art du design culinaire avec Zo\u00e9 Armbruster<\/strong><\/p>\n<p>Son p\u00e8re ne jurait que par le Michelin, sa m\u00e8re par l&rsquo;organic food. Elle a fait l&rsquo;\u00e9cole Ferrandi, est devenue\u00a0styliste et photographe culinaire. Aujourd&rsquo;hui cette Franco-Am\u00e9ricaine se partage entre San Francisco et Paris. Auteure du blog <a href=\"http:\/\/www.livingjoybyzoe.com\/\">Living Joy by Zoe<\/a>, elle publiait il y a quelques mois ses twists de Spaghettis de l\u00e9gumes (Editions Hachette Cuisine) : coleslaw de chou rouge et pomme granny, filet de turbot et tagliatelles de panais, tarte spirale aux l\u00e9gumes\u2026 Des recettes aussi belles que healthy. Aujourd&rsquo;hui avec J&rsquo;adore les bouillons (Editions Solar) elle revisite petits potages et grandes soupes, superbowls et bouillons detox avec style. Le\u00e7on inspir\u00e9e.<br \/>\nSamedi 3 d\u00e9cembre \u00e0 11 heures et dimanche 4 d\u00e9cembre \u00e0 12 h 30, cours de stylisme culinaire.\u00a0Stand CL024.<br \/>\n<a href=\"http:\/\/madame.lefigaro.fr\/cuisine\/apprenez-le-stylisme-culinaire-avec-zoe-armbruster-lors-du-salon-saveurs-211116-117898\">Inscrivez-vous en cliquant ici<\/a><\/p>\n<p><strong>Le\u00e7ons de DIY pour des tables de f\u00eates inspir\u00e9es<\/strong><\/p>\n<p>En plus des ateliers recettes, et afin d&rsquo;\u00e9gayer vos tables de No\u00ebl, La Cuisine Madame Figaro vous invite \u00e0\u00a0d\u00e9couvrir comment r\u00e9aliser soi-m\u00eame toutes des d\u00e9corations v\u00e9g\u00e9tales dans l&rsquo;air du temps. Du centre de\u00a0table aux bougies, en passant par les marque-places, aucun \u00e9l\u00e9ment de d\u00e9coration ne sera oubli\u00e9.<br \/>\nDimanche 4 d\u00e9cembre \u00e0 11 heures.\u00a0Stand CL024.<\/p>\n<p><strong>Atelier \u00ab\u00a0Cuisine au sirop d&rsquo;\u00e9rable\u00a0\u00bb<\/strong><\/p>\n<p>La marque 100% qu\u00e9b\u00e9coise \u00ab\u00a0La petite Cabane \u00e0 sucre du Qu\u00e9bec\u00a0\u00bb vous propose des ateliers \u00e0 base de sucre et de beurre d&rsquo;\u00e9rable, avec Martine Satre, chef du restaurant Le Temps des Cerises \u00e0 Qu\u00e9bec.<br \/>\nDimanche 4 d\u00e9cembre, ateliers \u00e0 14h et 15h30.\u00a0Stand CL024.<br \/>\n<a href=\"http:\/\/madame.lefigaro.fr\/cuisine\/cuisinez-le-sirop-derable-avec-la-petite-cabane-a-sucre-lors-du-salon-saveurs-161116-117822\">Inscrivez-vous en cliquant ici<\/a><\/p>\n<h2><img loading=\"lazy\" decoding=\"async\" class=\"alignright wp-image-4192\" src=\"https:\/\/www.salon-saveurs.com\/printemps\/wp-content\/uploads\/2016\/06\/christophe_berthelot-201x300.png\" alt=\"christophe_berthelot\" width=\"216\" height=\"322\" srcset=\"https:\/\/www.salon-saveurs.com\/printemps\/wp-content\/uploads\/2016\/06\/christophe_berthelot-201x300.png 201w, https:\/\/www.salon-saveurs.com\/printemps\/wp-content\/uploads\/2016\/06\/christophe_berthelot-150x224.png 150w, https:\/\/www.salon-saveurs.com\/printemps\/wp-content\/uploads\/2016\/06\/christophe_berthelot-334x500.png 334w, https:\/\/www.salon-saveurs.com\/printemps\/wp-content\/uploads\/2016\/06\/christophe_berthelot.png 590w\" sizes=\"(max-width: 216px) 100vw, 216px\" \/>Les Ateliers Chocolat d&rsquo;Atelier C Paris<\/h2>\n<p><a href=\"http:\/\/www.ateliercparis.com\/\">Atelier C Paris<\/a> vous propose un atelier toutes les heures pendant toute la dur\u00e9e du salon, anim\u00e9 par Christophe Berthelot-Sampic.<br \/>\n<strong>Vendredi 2 d\u00e9cembre : Atelier \u00ab\u00a0napolitains \u00bb<\/strong> (1h)<br \/>\nFabrication de 12 napolitains (mini-tablettes) r\u00e9alis\u00e9s avec le chocolat Robert de Madagascar et personnalisables avec un choix de toppings malgaches.<br \/>\n10h30 \u2013 12h \u2013 13h30 \u2013 15h \u2013 16h30 \u2013 18h \u2013 19h30<\/p>\n<p><strong>Samedi 3 d\u00e9cembre : Atelier \u00ab\u00a0boule de No\u00ebl\u00a0\u00bb<\/strong> (1h)<br \/>\nConfection d&rsquo;une boule de No\u00ebl d\u00e9cor\u00e9e \u00e0 mouler en chocolat, \u00e0 suspendre dans le sapin.<br \/>\n10h30 \u2013 12h \u2013 13h30 \u2013 15h \u2013 16h30 \u2013 18h<\/p>\n<p><strong>Dimanche 4 d\u00e9cembre : Atelier \u00ab\u00a0Marmiton\u00a0\u00bb<\/strong> &#8211; pour les enfants (30 min)<br \/>\nTrempage et d\u00e9coration de \u00ab\u00a0pop cakes\u00a0\u00bb.<br \/>\n10h30 \u2013 12h \u2013 13h30 \u2013 15h \u2013 16h30 \u2013 18h<img loading=\"lazy\" decoding=\"async\" class=\"alignright wp-image-4167\" src=\"https:\/\/www.salon-saveurs.com\/printemps\/wp-content\/uploads\/2016\/11\/Ganache-verte-N\u00b04-300x200.jpg\" alt=\"ganache-verte-n4\" width=\"216\" height=\"144\" srcset=\"https:\/\/www.salon-saveurs.com\/printemps\/wp-content\/uploads\/2016\/11\/Ganache-verte-N\u00b04-300x200.jpg 300w, https:\/\/www.salon-saveurs.com\/printemps\/wp-content\/uploads\/2016\/11\/Ganache-verte-N\u00b04-768x512.jpg 768w, https:\/\/www.salon-saveurs.com\/printemps\/wp-content\/uploads\/2016\/11\/Ganache-verte-N\u00b04-1024x683.jpg 1024w, https:\/\/www.salon-saveurs.com\/printemps\/wp-content\/uploads\/2016\/11\/Ganache-verte-N\u00b04-150x100.jpg 150w, https:\/\/www.salon-saveurs.com\/printemps\/wp-content\/uploads\/2016\/11\/Ganache-verte-N\u00b04-500x333.jpg 500w, https:\/\/www.salon-saveurs.com\/printemps\/wp-content\/uploads\/2016\/11\/Ganache-verte-N\u00b04.jpg 2046w\" sizes=\"(max-width: 216px) 100vw, 216px\" \/><\/p>\n<p><strong>Lundi 5 d\u00e9cembre : D\u00e9gustation de \u00ab\u00a0chocolats rares\u00a0\u00bb<\/strong> (1h)<br \/>\nUne vraie d\u00e9gustation de 5 chocolats rares pour apprendre \u00e0 d\u00e9celer les notes aromatiques.<br \/>\n10h30 \u2013 12h \u2013 13h30 \u2013 15h \u2013 16h30<\/p>\n<p>Stand CL020. Inscription\u00a0sur place dans la limite des places disponibles.<br \/>\nAteliers limit\u00e9s \u00e0 15 participants.<\/p>\n<h2>La Soir\u00e9e Bloggeuses<\/h2>\n<p>Vendredi 2 d\u00e9cembre, les bloggeuses culinaires sont invit\u00e9es \u00e0 une soir\u00e9e sp\u00e9ciale sur l&rsquo;espace \u00ab La Cuisine Madame Figaro \u00bb. Ateliers cocktails et d\u00e9gustations animeront l\u2019\u00e9v\u00e9nement.<\/p>\n<p>Vendredi 2 d\u00e9cembre \u00e0 partir de 18h30 &#8211; sur invitation<\/p>\n","protected":false},"excerpt":{"rendered":"<p>A l&rsquo;occasion du salon Saveurs des Plaisirs Gourmands, Madame Figaro organise pour la premi\u00e8re fois une animation culinaire \u00ab\u00a0La Cuisine Madame Figaro\u00a0\u00bb, autour de la rencontre de chefs, de d\u00e9couvertes de produits et d&rsquo;ateliers p\u00e9dagogiques. Cet espace accueillera \u00e9galement la soir\u00e9e bloggeuses organis\u00e9e le vendredi 2 d\u00e9cembre pour des ateliers sp\u00e9cifiques et des d\u00e9gustations de&hellip; <\/p>\n","protected":false},"author":1,"featured_media":0,"parent":9385,"menu_order":0,"comment_status":"closed","ping_status":"closed","template":"","meta":{"_monsterinsights_skip_tracking":false,"_monsterinsights_sitenote_active":false,"_monsterinsights_sitenote_note":"","_monsterinsights_sitenote_category":0,"footnotes":""},"class_list":["post-14","page","type-page","status-publish","hentry"],"yoast_head":"<!-- This site is optimized with the Yoast SEO plugin v27.3 - https:\/\/yoast.com\/product\/yoast-seo-wordpress\/ -->\n<title>Programme 2016 - Salon saveurs des plaisirs gourmands<\/title>\n<meta name=\"robots\" content=\"index, follow, max-snippet:-1, max-image-preview:large, max-video-preview:-1\" \/>\n<link rel=\"canonical\" href=\"https:\/\/www.salon-saveurs.com\/printemps\/2016-2\/programme-2016\/\" \/>\n<meta property=\"og:locale\" content=\"fr_FR\" \/>\n<meta property=\"og:type\" content=\"article\" \/>\n<meta property=\"og:title\" content=\"Programme 2016 - Salon saveurs des plaisirs gourmands\" \/>\n<meta property=\"og:description\" content=\"A l&rsquo;occasion du salon Saveurs des Plaisirs Gourmands, Madame Figaro organise pour la premi\u00e8re fois une animation culinaire \u00ab\u00a0La Cuisine Madame Figaro\u00a0\u00bb, autour de la rencontre de chefs, de d\u00e9couvertes de produits et d&rsquo;ateliers p\u00e9dagogiques. Cet espace accueillera \u00e9galement la soir\u00e9e bloggeuses organis\u00e9e le vendredi 2 d\u00e9cembre pour des ateliers sp\u00e9cifiques et des d\u00e9gustations de&hellip;\" \/>\n<meta property=\"og:url\" content=\"https:\/\/www.salon-saveurs.com\/printemps\/2016-2\/programme-2016\/\" \/>\n<meta property=\"og:site_name\" content=\"Salon saveurs des plaisirs gourmands\" \/>\n<meta property=\"article:modified_time\" content=\"2019-06-03T10:11:07+00:00\" \/>\n<meta property=\"og:image\" content=\"https:\/\/www.salon-saveurs.com\/printemps\/wp-content\/uploads\/2016\/06\/salon-saveurs6-1.jpg\" \/>\n<meta name=\"twitter:card\" content=\"summary_large_image\" \/>\n<meta name=\"twitter:label1\" content=\"Dur\u00e9e de lecture estim\u00e9e\" \/>\n\t<meta name=\"twitter:data1\" content=\"5 minutes\" \/>\n<script type=\"application\/ld+json\" class=\"yoast-schema-graph\">{\"@context\":\"https:\\\/\\\/schema.org\",\"@graph\":[{\"@type\":\"WebPage\",\"@id\":\"https:\\\/\\\/www.salon-saveurs.com\\\/printemps\\\/2016-2\\\/programme-2016\\\/\",\"url\":\"https:\\\/\\\/www.salon-saveurs.com\\\/printemps\\\/2016-2\\\/programme-2016\\\/\",\"name\":\"Programme 2016 - Salon saveurs des plaisirs gourmands\",\"isPartOf\":{\"@id\":\"https:\\\/\\\/www.salon-saveurs.com\\\/printemps\\\/#website\"},\"primaryImageOfPage\":{\"@id\":\"https:\\\/\\\/www.salon-saveurs.com\\\/printemps\\\/2016-2\\\/programme-2016\\\/#primaryimage\"},\"image\":{\"@id\":\"https:\\\/\\\/www.salon-saveurs.com\\\/printemps\\\/2016-2\\\/programme-2016\\\/#primaryimage\"},\"thumbnailUrl\":\"https:\\\/\\\/www.salon-saveurs.com\\\/printemps\\\/wp-content\\\/uploads\\\/2016\\\/06\\\/salon-saveurs6-1.jpg\",\"datePublished\":\"2016-06-09T13:40:43+00:00\",\"dateModified\":\"2019-06-03T10:11:07+00:00\",\"breadcrumb\":{\"@id\":\"https:\\\/\\\/www.salon-saveurs.com\\\/printemps\\\/2016-2\\\/programme-2016\\\/#breadcrumb\"},\"inLanguage\":\"fr-FR\",\"potentialAction\":[{\"@type\":\"ReadAction\",\"target\":[\"https:\\\/\\\/www.salon-saveurs.com\\\/printemps\\\/2016-2\\\/programme-2016\\\/\"]}]},{\"@type\":\"ImageObject\",\"inLanguage\":\"fr-FR\",\"@id\":\"https:\\\/\\\/www.salon-saveurs.com\\\/printemps\\\/2016-2\\\/programme-2016\\\/#primaryimage\",\"url\":\"https:\\\/\\\/www.salon-saveurs.com\\\/printemps\\\/wp-content\\\/uploads\\\/2016\\\/06\\\/salon-saveurs6-1.jpg\",\"contentUrl\":\"https:\\\/\\\/www.salon-saveurs.com\\\/printemps\\\/wp-content\\\/uploads\\\/2016\\\/06\\\/salon-saveurs6-1.jpg\",\"width\":\"841\",\"height\":\"198\",\"caption\":\"Programme salon Saveurs\"},{\"@type\":\"BreadcrumbList\",\"@id\":\"https:\\\/\\\/www.salon-saveurs.com\\\/printemps\\\/2016-2\\\/programme-2016\\\/#breadcrumb\",\"itemListElement\":[{\"@type\":\"ListItem\",\"position\":1,\"name\":\"Accueil\",\"item\":\"https:\\\/\\\/www.salon-saveurs.com\\\/printemps\\\/\"},{\"@type\":\"ListItem\",\"position\":2,\"name\":\"2016\",\"item\":\"https:\\\/\\\/www.salon-saveurs.com\\\/printemps\\\/2016-2\\\/\"},{\"@type\":\"ListItem\",\"position\":3,\"name\":\"Programme 2016\"}]},{\"@type\":\"WebSite\",\"@id\":\"https:\\\/\\\/www.salon-saveurs.com\\\/printemps\\\/#website\",\"url\":\"https:\\\/\\\/www.salon-saveurs.com\\\/printemps\\\/\",\"name\":\"Salon saveurs des plaisirs gourmands\",\"description\":\"\",\"publisher\":{\"@id\":\"https:\\\/\\\/www.salon-saveurs.com\\\/printemps\\\/#organization\"},\"potentialAction\":[{\"@type\":\"SearchAction\",\"target\":{\"@type\":\"EntryPoint\",\"urlTemplate\":\"https:\\\/\\\/www.salon-saveurs.com\\\/printemps\\\/?s={search_term_string}\"},\"query-input\":{\"@type\":\"PropertyValueSpecification\",\"valueRequired\":true,\"valueName\":\"search_term_string\"}}],\"inLanguage\":\"fr-FR\"},{\"@type\":\"Organization\",\"@id\":\"https:\\\/\\\/www.salon-saveurs.com\\\/printemps\\\/#organization\",\"name\":\"Salon saveurs des plaisirs gourmands\",\"url\":\"https:\\\/\\\/www.salon-saveurs.com\\\/printemps\\\/\",\"logo\":{\"@type\":\"ImageObject\",\"inLanguage\":\"fr-FR\",\"@id\":\"https:\\\/\\\/www.salon-saveurs.com\\\/printemps\\\/#\\\/schema\\\/logo\\\/image\\\/\",\"url\":\"https:\\\/\\\/www.salon-saveurs.com\\\/printemps\\\/wp-content\\\/uploads\\\/2025\\\/11\\\/logo-saveurs-COMPLET-TRANSPARENT-1.png\",\"contentUrl\":\"https:\\\/\\\/www.salon-saveurs.com\\\/printemps\\\/wp-content\\\/uploads\\\/2025\\\/11\\\/logo-saveurs-COMPLET-TRANSPARENT-1.png\",\"width\":1600,\"height\":600,\"caption\":\"Salon saveurs des plaisirs gourmands\"},\"image\":{\"@id\":\"https:\\\/\\\/www.salon-saveurs.com\\\/printemps\\\/#\\\/schema\\\/logo\\\/image\\\/\"}}]}<\/script>\n<!-- \/ Yoast SEO plugin. -->","yoast_head_json":{"title":"Programme 2016 - Salon saveurs des plaisirs gourmands","robots":{"index":"index","follow":"follow","max-snippet":"max-snippet:-1","max-image-preview":"max-image-preview:large","max-video-preview":"max-video-preview:-1"},"canonical":"https:\/\/www.salon-saveurs.com\/printemps\/2016-2\/programme-2016\/","og_locale":"fr_FR","og_type":"article","og_title":"Programme 2016 - Salon saveurs des plaisirs gourmands","og_description":"A l&rsquo;occasion du salon Saveurs des Plaisirs Gourmands, Madame Figaro organise pour la premi\u00e8re fois une animation culinaire \u00ab\u00a0La Cuisine Madame Figaro\u00a0\u00bb, autour de la rencontre de chefs, de d\u00e9couvertes de produits et d&rsquo;ateliers p\u00e9dagogiques. Cet espace accueillera \u00e9galement la soir\u00e9e bloggeuses organis\u00e9e le vendredi 2 d\u00e9cembre pour des ateliers sp\u00e9cifiques et des d\u00e9gustations de&hellip;","og_url":"https:\/\/www.salon-saveurs.com\/printemps\/2016-2\/programme-2016\/","og_site_name":"Salon saveurs des plaisirs gourmands","article_modified_time":"2019-06-03T10:11:07+00:00","og_image":[{"url":"https:\/\/www.salon-saveurs.com\/printemps\/wp-content\/uploads\/2016\/06\/salon-saveurs6-1.jpg","type":"","width":"","height":""}],"twitter_card":"summary_large_image","twitter_misc":{"Dur\u00e9e de lecture estim\u00e9e":"5 minutes"},"schema":{"@context":"https:\/\/schema.org","@graph":[{"@type":"WebPage","@id":"https:\/\/www.salon-saveurs.com\/printemps\/2016-2\/programme-2016\/","url":"https:\/\/www.salon-saveurs.com\/printemps\/2016-2\/programme-2016\/","name":"Programme 2016 - Salon saveurs des plaisirs gourmands","isPartOf":{"@id":"https:\/\/www.salon-saveurs.com\/printemps\/#website"},"primaryImageOfPage":{"@id":"https:\/\/www.salon-saveurs.com\/printemps\/2016-2\/programme-2016\/#primaryimage"},"image":{"@id":"https:\/\/www.salon-saveurs.com\/printemps\/2016-2\/programme-2016\/#primaryimage"},"thumbnailUrl":"https:\/\/www.salon-saveurs.com\/printemps\/wp-content\/uploads\/2016\/06\/salon-saveurs6-1.jpg","datePublished":"2016-06-09T13:40:43+00:00","dateModified":"2019-06-03T10:11:07+00:00","breadcrumb":{"@id":"https:\/\/www.salon-saveurs.com\/printemps\/2016-2\/programme-2016\/#breadcrumb"},"inLanguage":"fr-FR","potentialAction":[{"@type":"ReadAction","target":["https:\/\/www.salon-saveurs.com\/printemps\/2016-2\/programme-2016\/"]}]},{"@type":"ImageObject","inLanguage":"fr-FR","@id":"https:\/\/www.salon-saveurs.com\/printemps\/2016-2\/programme-2016\/#primaryimage","url":"https:\/\/www.salon-saveurs.com\/printemps\/wp-content\/uploads\/2016\/06\/salon-saveurs6-1.jpg","contentUrl":"https:\/\/www.salon-saveurs.com\/printemps\/wp-content\/uploads\/2016\/06\/salon-saveurs6-1.jpg","width":"841","height":"198","caption":"Programme salon Saveurs"},{"@type":"BreadcrumbList","@id":"https:\/\/www.salon-saveurs.com\/printemps\/2016-2\/programme-2016\/#breadcrumb","itemListElement":[{"@type":"ListItem","position":1,"name":"Accueil","item":"https:\/\/www.salon-saveurs.com\/printemps\/"},{"@type":"ListItem","position":2,"name":"2016","item":"https:\/\/www.salon-saveurs.com\/printemps\/2016-2\/"},{"@type":"ListItem","position":3,"name":"Programme 2016"}]},{"@type":"WebSite","@id":"https:\/\/www.salon-saveurs.com\/printemps\/#website","url":"https:\/\/www.salon-saveurs.com\/printemps\/","name":"Salon saveurs des plaisirs gourmands","description":"","publisher":{"@id":"https:\/\/www.salon-saveurs.com\/printemps\/#organization"},"potentialAction":[{"@type":"SearchAction","target":{"@type":"EntryPoint","urlTemplate":"https:\/\/www.salon-saveurs.com\/printemps\/?s={search_term_string}"},"query-input":{"@type":"PropertyValueSpecification","valueRequired":true,"valueName":"search_term_string"}}],"inLanguage":"fr-FR"},{"@type":"Organization","@id":"https:\/\/www.salon-saveurs.com\/printemps\/#organization","name":"Salon saveurs des plaisirs gourmands","url":"https:\/\/www.salon-saveurs.com\/printemps\/","logo":{"@type":"ImageObject","inLanguage":"fr-FR","@id":"https:\/\/www.salon-saveurs.com\/printemps\/#\/schema\/logo\/image\/","url":"https:\/\/www.salon-saveurs.com\/printemps\/wp-content\/uploads\/2025\/11\/logo-saveurs-COMPLET-TRANSPARENT-1.png","contentUrl":"https:\/\/www.salon-saveurs.com\/printemps\/wp-content\/uploads\/2025\/11\/logo-saveurs-COMPLET-TRANSPARENT-1.png","width":1600,"height":600,"caption":"Salon saveurs des plaisirs gourmands"},"image":{"@id":"https:\/\/www.salon-saveurs.com\/printemps\/#\/schema\/logo\/image\/"}}]}},"_links":{"self":[{"href":"https:\/\/www.salon-saveurs.com\/printemps\/wp-json\/wp\/v2\/pages\/14","targetHints":{"allow":["GET"]}}],"collection":[{"href":"https:\/\/www.salon-saveurs.com\/printemps\/wp-json\/wp\/v2\/pages"}],"about":[{"href":"https:\/\/www.salon-saveurs.com\/printemps\/wp-json\/wp\/v2\/types\/page"}],"author":[{"embeddable":true,"href":"https:\/\/www.salon-saveurs.com\/printemps\/wp-json\/wp\/v2\/users\/1"}],"replies":[{"embeddable":true,"href":"https:\/\/www.salon-saveurs.com\/printemps\/wp-json\/wp\/v2\/comments?post=14"}],"version-history":[{"count":0,"href":"https:\/\/www.salon-saveurs.com\/printemps\/wp-json\/wp\/v2\/pages\/14\/revisions"}],"up":[{"embeddable":true,"href":"https:\/\/www.salon-saveurs.com\/printemps\/wp-json\/wp\/v2\/pages\/9385"}],"wp:attachment":[{"href":"https:\/\/www.salon-saveurs.com\/printemps\/wp-json\/wp\/v2\/media?parent=14"}],"curies":[{"name":"wp","href":"https:\/\/api.w.org\/{rel}","templated":true}]}}